CRAN Package Check Results for Package lidR

Last updated on 2022-11-27 04:51:23 CET.

Flavor Version Tinstall Tcheck Ttotal Status Flags
r-devel-linux-x86_64-debian-clang 4.0.1 167.23 606.85 774.08 OK
r-devel-linux-x86_64-debian-gcc 4.0.1 138.99 440.95 579.94 OK
r-devel-linux-x86_64-fedora-clang 4.0.1 972.67 OK
r-devel-linux-x86_64-fedora-gcc 4.0.1 1042.14 OK
r-devel-windows-x86_64 4.0.1 594.00 661.00 1255.00 NOTE
r-patched-linux-x86_64 4.0.1 150.55 571.78 722.33 OK
r-release-linux-x86_64 4.0.1 146.64 535.86 682.50 OK
r-release-macos-arm64 4.0.1 199.00 NOTE
r-release-macos-x86_64 4.0.1 308.00 NOTE
r-release-windows-x86_64 4.0.1 268.00 624.00 892.00 NOTE
r-oldrel-macos-arm64 4.0.1 208.00 NOTE
r-oldrel-macos-x86_64 4.0.1 293.00 NOTE
r-oldrel-windows-ix86+x86_64 4.0.1 355.00 1040.00 1395.00 NOTE

Check Details

Version: 4.0.1
Check: installed package size
Result: NOTE
     installed size is 5.6Mb
     sub-directories of 1Mb or more:
     R 1.2Mb
     doc 1.0Mb
     extdata 1.1Mb
     libs 1.7Mb
Flavors: r-devel-windows-x86_64, r-release-macos-arm64, r-release-macos-x86_64, r-release-windows-x86_64, r-oldrel-macos-arm64, r-oldrel-macos-x86_64, r-oldrel-windows-ix86+x86_64