Last updated on 2023-03-27 04:53:15 CEST.
Flavor | Version | Tinstall | Tcheck | Ttotal | Status | Flags |
---|---|---|---|---|---|---|
r-devel-linux-x86_64-debian-clang | 5.5.0 | 575.30 | 266.43 | 841.73 | NOTE | |
r-devel-linux-x86_64-debian-gcc | 5.5.0 | 600.23 | 196.31 | 796.54 | NOTE | |
r-devel-linux-x86_64-fedora-clang | 5.5.0 | 1160.79 | NOTE | |||
r-devel-linux-x86_64-fedora-gcc | 5.5.0 | 1461.87 | NOTE | |||
r-patched-linux-x86_64 | 5.5.0 | 517.35 | 259.16 | 776.51 | NOTE | |
r-release-linux-x86_64 | 5.5.0 | 530.80 | 240.60 | 771.40 | OK | |
r-release-macos-arm64 | 5.5.0 | 166.00 | NOTE | |||
r-release-macos-x86_64 | 5.5.0 | 375.00 | NOTE | |||
r-release-windows-x86_64 | 5.5.0 | 346.00 | 348.00 | 694.00 | NOTE | |
r-oldrel-macos-arm64 | 5.5.0 | 172.00 | NOTE | |||
r-oldrel-macos-x86_64 | 5.5.0 | 372.00 | NOTE | |||
r-oldrel-windows-ix86+x86_64 | 5.5.0 | 1033.00 | 431.00 | 1464.00 | NOTE |
Version: 5.5.0
Check: C++ specification
Result: NOTE
Specified C++11: please drop specification unless essential
Flavors: r-devel-linux-x86_64-debian-clang, r-devel-linux-x86_64-debian-gcc, r-devel-linux-x86_64-fedora-clang, r-devel-linux-x86_64-fedora-gcc, r-patched-linux-x86_64
Version: 5.5.0
Check: installed package size
Result: NOTE
installed size is 10.1Mb
sub-directories of 1Mb or more:
doc 2.8Mb
libs 6.0Mb
Flavors: r-devel-linux-x86_64-fedora-clang, r-release-macos-arm64, r-release-macos-x86_64, r-release-windows-x86_64, r-oldrel-macos-arm64, r-oldrel-macos-x86_64, r-oldrel-windows-ix86+x86_64