Last updated on 2023-03-22 04:52:48 CET.
Flavor | Version | Tinstall | Tcheck | Ttotal | Status | Flags |
---|---|---|---|---|---|---|
r-devel-linux-x86_64-debian-clang | 3.1 | 5.17 | 25.98 | 31.15 | NOTE | |
r-devel-linux-x86_64-debian-gcc | 3.1 | 3.95 | 19.95 | 23.90 | NOTE | |
r-devel-linux-x86_64-fedora-clang | 3.1 | 40.90 | NOTE | |||
r-devel-linux-x86_64-fedora-gcc | 3.1 | 36.50 | NOTE | |||
r-patched-linux-x86_64 | 3.1 | 4.34 | 26.33 | 30.67 | OK | |
r-release-linux-x86_64 | 3.1 | 4.55 | 26.42 | 30.97 | OK | |
r-release-macos-arm64 | 3.1 | 18.00 | OK | |||
r-release-macos-x86_64 | 3.1 | 25.00 | OK | |||
r-release-windows-x86_64 | 3.1 | 23.00 | 57.00 | 80.00 | OK | |
r-oldrel-macos-arm64 | 3.1 | 22.00 | OK | |||
r-oldrel-macos-x86_64 | 3.1 | 32.00 | OK | |||
r-oldrel-windows-ix86+x86_64 | 3.1 | 12.00 | 58.00 | 70.00 | OK |
Version: 3.1
Check: Rd files
Result: NOTE
checkRd: (-1) leaps.Rd:38: Escaped LaTeX specials: \&
Flavors: r-devel-linux-x86_64-debian-clang, r-devel-linux-x86_64-debian-gcc, r-devel-linux-x86_64-fedora-clang, r-devel-linux-x86_64-fedora-gcc
Version: 3.1
Check: compiled code
Result: NOTE
File ‘leaps/libs/leaps.so’:
Found no calls to: ‘R_registerRoutines’, ‘R_useDynamicSymbols’
It is good practice to register native routines and to disable symbol
search.
See ‘Writing portable packages’ in the ‘Writing R Extensions’ manual.
Flavors: r-devel-linux-x86_64-fedora-clang, r-devel-linux-x86_64-fedora-gcc