Last updated on 2023-02-03 04:50:32 CET.
Flavor | Version | Tinstall | Tcheck | Ttotal | Status | Flags |
---|---|---|---|---|---|---|
r-devel-linux-x86_64-debian-clang | 0.2.1 | 5.53 | 46.15 | 51.68 | OK | |
r-devel-linux-x86_64-debian-gcc | 0.2.1 | 4.62 | 34.60 | 39.22 | OK | |
r-devel-linux-x86_64-fedora-clang | 0.2.1 | 64.77 | NOTE | |||
r-devel-linux-x86_64-fedora-gcc | 0.2.1 | 62.68 | NOTE | |||
r-devel-windows-x86_64 | 0.2.1 | 106.00 | 82.00 | 188.00 | NOTE | |
r-patched-linux-x86_64 | 0.2.1 | 4.79 | 44.64 | 49.43 | OK | |
r-release-linux-x86_64 | 0.2.1 | 5.08 | 45.37 | 50.45 | OK | |
r-release-macos-arm64 | 0.2.1 | 21.00 | NOTE | |||
r-release-macos-x86_64 | 0.2.1 | 48.00 | NOTE | |||
r-release-windows-x86_64 | 0.2.1 | 64.00 | 87.00 | 151.00 | NOTE | |
r-oldrel-macos-arm64 | 0.2.1 | 31.00 | NOTE | |||
r-oldrel-macos-x86_64 | 0.2.1 | 45.00 | NOTE | |||
r-oldrel-windows-ix86+x86_64 | 0.2.1 | 14.00 | 72.00 | 86.00 | NOTE |
Version: 0.2.1
Check: installed package size
Result: NOTE
installed size is 12.1Mb
sub-directories of 1Mb or more:
geojson 12.0Mb
Flavors: r-devel-linux-x86_64-fedora-clang, r-devel-windows-x86_64, r-release-macos-arm64, r-release-macos-x86_64, r-release-windows-x86_64, r-oldrel-macos-arm64, r-oldrel-macos-x86_64, r-oldrel-windows-ix86+x86_64
Version: 0.2.1
Check: dependencies in R code
Result: NOTE
Namespace in Imports field not imported from: ‘rgeos’
All declared Imports should be used.
Flavors: r-devel-linux-x86_64-fedora-clang, r-devel-linux-x86_64-fedora-gcc, r-release-macos-arm64, r-release-macos-x86_64, r-oldrel-macos-arm64, r-oldrel-macos-x86_64
Version: 0.2.1
Check: data for non-ASCII characters
Result: NOTE
Note: found 1096 marked UTF-8 strings
Flavors: r-devel-linux-x86_64-fedora-clang, r-devel-linux-x86_64-fedora-gcc, r-release-macos-arm64, r-release-macos-x86_64, r-oldrel-macos-arm64, r-oldrel-macos-x86_64