Last updated on 2023-02-01 04:51:59 CET.
Flavor | Version | Tinstall | Tcheck | Ttotal | Status | Flags |
---|---|---|---|---|---|---|
r-devel-linux-x86_64-debian-clang | 0.2.0 | 47.80 | 133.21 | 181.01 | OK | |
r-devel-linux-x86_64-debian-gcc | 0.2.0 | 40.10 | 95.91 | 136.01 | OK | |
r-devel-linux-x86_64-fedora-clang | 0.2.0 | 232.88 | NOTE | |||
r-devel-linux-x86_64-fedora-gcc | 0.2.1 | 253.43 | NOTE | |||
r-devel-windows-x86_64 | 0.2.0 | 51.00 | 209.00 | 260.00 | OK | |
r-patched-linux-x86_64 | 0.1.0 | 39.94 | 131.27 | 171.21 | OK | |
r-release-linux-x86_64 | 0.2.0 | 37.83 | 132.04 | 169.87 | OK | |
r-release-macos-arm64 | 0.2.1 | 56.00 | OK | |||
r-release-macos-x86_64 | 0.2.0 | 91.00 | OK | |||
r-release-windows-x86_64 | 0.2.0 | 145.00 | 246.00 | 391.00 | OK | |
r-oldrel-macos-arm64 | 0.2.1 | 66.00 | OK | |||
r-oldrel-macos-x86_64 | 0.2.0 | 102.00 | OK | |||
r-oldrel-windows-ix86+x86_64 | 0.2.0 | 89.00 | 231.00 | 320.00 | OK |
Version: 0.2.0
Check: dependencies in R code
Result: NOTE
Namespaces in Imports field not imported from:
‘RColorBrewer’ ‘RcppProgress’ ‘mvtnorm’ ‘rgen’
All declared Imports should be used.
Flavor: r-devel-linux-x86_64-fedora-clang
Version: 0.2.1
Check: dependencies in R code
Result: NOTE
Namespaces in Imports field not imported from:
‘RColorBrewer’ ‘RcppProgress’ ‘rgen’
All declared Imports should be used.
Flavor: r-devel-linux-x86_64-fedora-gcc