Last updated on 2023-03-23 04:53:23 CET.
Flavor | Version | Tinstall | Tcheck | Ttotal | Status | Flags |
---|---|---|---|---|---|---|
r-devel-linux-x86_64-debian-clang | 1.1 | 8.14 | 97.75 | 105.89 | OK | |
r-devel-linux-x86_64-debian-gcc | 1.1 | 7.07 | 75.61 | 82.68 | OK | |
r-devel-linux-x86_64-fedora-clang | 1.1 | 140.59 | OK | |||
r-devel-linux-x86_64-fedora-gcc | 1.1 | 138.32 | OK | |||
r-patched-linux-x86_64 | 1.1 | 9.76 | 93.49 | 103.25 | OK | |
r-release-linux-x86_64 | 1.1 | 10.11 | 91.91 | 102.02 | OK | |
r-release-macos-arm64 | 1.1 | 41.00 | OK | |||
r-release-macos-x86_64 | 1.1 | 55.00 | OK | |||
r-release-windows-x86_64 | 1.1 | 18.00 | 176.00 | 194.00 | OK | |
r-oldrel-macos-arm64 | 1.1 | 39.00 | OK | |||
r-oldrel-macos-x86_64 | 1.1 | 57.00 | OK | |||
r-oldrel-windows-ix86+x86_64 | 1.1 | 20.00 | 130.00 | 150.00 | ERROR |
Version: 1.1
Check: PDF version of manual
Result: WARN
LaTeX errors when creating PDF version.
This typically indicates Rd problems.
LaTeX errors found:
! Package inputenc Error: Unicode char รข<c2><80><c2><90> (U+2010)
(inputenc) not set up for use with LaTeX.
See the inputenc package documentation for explanation.
Type H <return> for immediate help.
Flavor: r-oldrel-windows-ix86+x86_64
Version: 1.1
Check: PDF version of manual without hyperrefs or index
Result: ERROR
Flavor: r-oldrel-windows-ix86+x86_64