Last updated on 2023-03-23 04:53:23 CET.
Flavor | Version | Tinstall | Tcheck | Ttotal | Status | Flags |
---|---|---|---|---|---|---|
r-devel-linux-x86_64-debian-clang | 3.5 | 6.61 | 56.31 | 62.92 | OK | |
r-devel-linux-x86_64-debian-gcc | 3.5 | 3.91 | 42.90 | 46.81 | OK | |
r-devel-linux-x86_64-fedora-clang | 3.5 | 81.63 | NOTE | |||
r-devel-linux-x86_64-fedora-gcc | 3.5 | 74.44 | OK | |||
r-patched-linux-x86_64 | 3.5 | 6.76 | 53.19 | 59.95 | OK | |
r-release-linux-x86_64 | 3.5 | 6.02 | 53.56 | 59.58 | OK | |
r-release-macos-arm64 | 3.5 | 24.00 | OK | |||
r-release-macos-x86_64 | 3.5 | 37.00 | OK | |||
r-release-windows-x86_64 | 3.5 | 10.00 | 134.00 | 144.00 | OK | |
r-oldrel-macos-arm64 | 3.5 | 23.00 | OK | |||
r-oldrel-macos-x86_64 | 3.5 | 39.00 | OK | |||
r-oldrel-windows-ix86+x86_64 | 3.5 | 12.00 | 80.00 | 92.00 | OK |
Version: 3.5
Check: Rd cross-references
Result: NOTE
Undeclared package ‘tseries’ in Rd xrefs
Flavor: r-devel-linux-x86_64-fedora-clang