Last updated on 2023-02-01 04:51:58 CET.
Flavor | Version | Tinstall | Tcheck | Ttotal | Status | Flags |
---|---|---|---|---|---|---|
r-devel-linux-x86_64-debian-clang | 0.6-30 | 6.78 | 100.08 | 106.86 | OK | |
r-devel-linux-x86_64-debian-gcc | 0.6-30 | 6.41 | 73.34 | 79.75 | OK | |
r-devel-linux-x86_64-fedora-clang | 0.6-30 | 130.59 | NOTE | |||
r-devel-linux-x86_64-fedora-gcc | 0.6-30 | 123.69 | OK | |||
r-devel-windows-x86_64 | 0.6-30 | 120.00 | 150.00 | 270.00 | OK | |
r-patched-linux-x86_64 | 0.6-30 | 10.24 | 91.69 | 101.93 | OK | |
r-release-linux-x86_64 | 0.6-30 | 8.97 | 93.55 | 102.52 | OK | |
r-release-macos-arm64 | 0.6-30 | 40.00 | OK | |||
r-release-macos-x86_64 | 0.6-30 | 54.00 | OK | |||
r-release-windows-x86_64 | 0.6-30 | 77.00 | 145.00 | 222.00 | OK | |
r-oldrel-macos-arm64 | 0.6-30 | 41.00 | OK | |||
r-oldrel-macos-x86_64 | 0.6-30 | 52.00 | OK | |||
r-oldrel-windows-ix86+x86_64 | 0.6-30 | 15.00 | 126.00 | 141.00 | OK |
Version: 0.6-30
Check: Rd cross-references
Result: NOTE
Undeclared package ‘ggplot2’ in Rd xrefs
Flavor: r-devel-linux-x86_64-fedora-clang