CRAN Package Check Results for Package latticeDensity

Last updated on 2023-02-08 04:52:02 CET.

Flavor Version Tinstall Tcheck Ttotal Status Flags
r-devel-linux-x86_64-debian-clang 1.2.6 15.91 253.98 269.89 OK
r-devel-linux-x86_64-debian-gcc 1.2.6 14.68 186.49 201.17 OK
r-devel-linux-x86_64-fedora-clang 1.2.6 329.90 NOTE
r-devel-linux-x86_64-fedora-gcc 1.2.6 342.27 NOTE
r-devel-windows-x86_64 1.2.6 58.00 282.00 340.00 OK
r-patched-linux-x86_64 1.2.6 15.89 242.66 258.55 OK
r-release-linux-x86_64 1.2.6 14.28 252.67 266.95 OK
r-release-macos-arm64 1.2.6 144.00 NOTE
r-release-macos-x86_64 1.2.6 248.00 NOTE
r-release-windows-x86_64 1.2.6 48.00 299.00 347.00 OK
r-oldrel-macos-arm64 1.2.6 115.00 NOTE
r-oldrel-macos-x86_64 1.2.6 189.00 NOTE
r-oldrel-windows-ix86+x86_64 1.2.6 41.00 277.00 318.00 OK

Check Details

Version: 1.2.6
Check: dependencies in R code
Result: NOTE
    Namespace in Imports field not imported from: ‘sf’
     All declared Imports should be used.
Flavors: r-devel-linux-x86_64-fedora-clang, r-devel-linux-x86_64-fedora-gcc, r-release-macos-arm64, r-release-macos-x86_64, r-oldrel-macos-arm64, r-oldrel-macos-x86_64