CRAN Package Check Results for Package kml3d

Last updated on 2021-04-17 04:51:11 CEST.

Flavor Version Tinstall Tcheck Ttotal Status Flags
r-devel-linux-x86_64-debian-clang 2.4.2 10.38 68.03 78.41 NOTE
r-devel-linux-x86_64-debian-gcc 2.4.2 8.27 53.13 61.40 NOTE
r-devel-linux-x86_64-fedora-clang 2.4.2 106.28 NOTE
r-devel-linux-x86_64-fedora-gcc 2.4.2 94.88 NOTE
r-devel-windows-ix86+x86_64 2.4.2 20.00 89.00 109.00 OK
r-devel-windows-x86_64-gcc10-UCRT 2.4.2 OK
r-patched-linux-x86_64 2.4.2 10.72 65.44 76.16 NOTE
r-patched-solaris-x86 2.4.2 137.90 NOTE
r-release-linux-x86_64 2.4.2 9.45 65.61 75.06 NOTE
r-release-macos-x86_64 2.4.2 OK
r-release-windows-ix86+x86_64 2.4.2 20.00 87.00 107.00 OK
r-oldrel-macos-x86_64 2.4.2 WARN
r-oldrel-windows-ix86+x86_64 2.4.2 11.00 80.00 91.00 OK

Check Details

Version: 2.4.2
Check: for non-standard things in the check directory
Result: NOTE
    Found the following files/directories:
     'cld1.Rdata' 'main.tex' 'myCld.Rdata' 'myCld3d.Rdata' 'scene.asy'
Flavors: r-devel-linux-x86_64-debian-clang, r-devel-linux-x86_64-debian-gcc, r-devel-linux-x86_64-fedora-clang, r-devel-linux-x86_64-fedora-gcc, r-patched-linux-x86_64, r-patched-solaris-x86, r-release-linux-x86_64

Version: 2.4.2
Check: whether package can be installed
Result: WARN
    Found the following significant warnings:
     Warning: 'rgl_init' failed, running with rgl.useNULL = TRUE
Flavor: r-oldrel-macos-x86_64