Last updated on 2023-03-25 04:54:42 CET.
Flavor | Version | Tinstall | Tcheck | Ttotal | Status | Flags |
---|---|---|---|---|---|---|
r-devel-linux-x86_64-debian-clang | 1.3.1 | 11.60 | 76.11 | 87.71 | OK | |
r-devel-linux-x86_64-debian-gcc | 1.3.1 | 8.14 | 66.02 | 74.16 | OK | |
r-devel-linux-x86_64-fedora-clang | 1.3.1 | 128.00 | NOTE | |||
r-devel-linux-x86_64-fedora-gcc | 1.3.1 | 114.62 | NOTE | |||
r-patched-linux-x86_64 | 1.3.1 | 12.22 | 80.69 | 92.91 | OK | |
r-release-linux-x86_64 | 1.3.1 | 9.77 | 78.84 | 88.61 | OK | |
r-release-macos-arm64 | 1.3.1 | 35.00 | OK | |||
r-release-macos-x86_64 | 1.3.1 | 47.00 | OK | |||
r-release-windows-x86_64 | 1.3.1 | 23.00 | 112.00 | 135.00 | OK | |
r-oldrel-macos-arm64 | 1.3.1 | 37.00 | OK | |||
r-oldrel-macos-x86_64 | 1.3.1 | 66.00 | OK | |||
r-oldrel-windows-ix86+x86_64 | 1.3.1 | 22.00 | 140.00 | 162.00 | OK |
Version: 1.3.1
Check: compiled code
Result: NOTE
File ‘kknn/libs/kknn.so’:
Found no calls to: ‘R_registerRoutines’, ‘R_useDynamicSymbols’
It is good practice to register native routines and to disable symbol
search.
See ‘Writing portable packages’ in the ‘Writing R Extensions’ manual.
Flavors: r-devel-linux-x86_64-fedora-clang, r-devel-linux-x86_64-fedora-gcc