Last updated on 2023-03-26 04:50:37 CEST.
Flavor | Version | Tinstall | Tcheck | Ttotal | Status | Flags |
---|---|---|---|---|---|---|
r-devel-linux-x86_64-debian-clang | 0.1.1 | 12.97 | 79.35 | 92.32 | NOTE | |
r-devel-linux-x86_64-debian-gcc | 0.1.1 | 9.78 | 59.80 | 69.58 | NOTE | |
r-devel-linux-x86_64-fedora-clang | 0.1.1 | 120.20 | NOTE | |||
r-devel-linux-x86_64-fedora-gcc | 0.1.1 | 126.43 | NOTE | |||
r-patched-linux-x86_64 | 0.1.1 | 18.78 | 75.05 | 93.83 | NOTE | |
r-release-linux-x86_64 | 0.1.1 | 7.80 | 77.30 | 85.10 | NOTE | |
r-release-macos-arm64 | 0.1.1 | 36.00 | NOTE | |||
r-release-macos-x86_64 | 0.1.1 | 62.00 | NOTE | |||
r-release-windows-x86_64 | 0.1.1 | 44.00 | 122.00 | 166.00 | NOTE | |
r-oldrel-macos-arm64 | 0.1.1 | 45.00 | NOTE | |||
r-oldrel-macos-x86_64 | 0.1.1 | 60.00 | NOTE | |||
r-oldrel-windows-ix86+x86_64 | 0.1.1 | 26.00 | 108.00 | 134.00 | NOTE |
Version: 0.1.1
Check: LazyData
Result: NOTE
'LazyData' is specified without a 'data' directory
Flavors: r-devel-linux-x86_64-debian-clang, r-devel-linux-x86_64-debian-gcc, r-devel-linux-x86_64-fedora-clang, r-devel-linux-x86_64-fedora-gcc, r-patched-linux-x86_64, r-release-linux-x86_64, r-release-macos-arm64, r-release-macos-x86_64, r-release-windows-x86_64, r-oldrel-macos-arm64, r-oldrel-macos-x86_64, r-oldrel-windows-ix86+x86_64
Version: 0.1.1
Check: installed package size
Result: NOTE
installed size is 5.0Mb
sub-directories of 1Mb or more:
doc 3.2Mb
extdata 1.2Mb
Flavor: r-devel-linux-x86_64-fedora-clang
Version: 0.1.1
Check: dependencies in R code
Result: NOTE
Namespaces in Imports field not imported from:
‘Biostrings’ ‘Rsamtools’ ‘rtracklayer’
All declared Imports should be used.
Flavors: r-devel-linux-x86_64-fedora-clang, r-devel-linux-x86_64-fedora-gcc, r-release-macos-arm64, r-release-macos-x86_64, r-oldrel-macos-arm64, r-oldrel-macos-x86_64
Version: 0.1.1
Check: R code for possible problems
Result: NOTE
Initiating curl with CURL_SSL_BACKEND: openssl
Flavor: r-oldrel-windows-ix86+x86_64