Last updated on 2023-03-25 04:54:42 CET.
Flavor | Version | Tinstall | Tcheck | Ttotal | Status | Flags |
---|---|---|---|---|---|---|
r-devel-linux-x86_64-debian-clang | 0.0.2 | 11.60 | 124.32 | 135.92 | NOTE | |
r-devel-linux-x86_64-debian-gcc | 0.0.2 | 9.64 | 95.26 | 104.90 | NOTE | |
r-devel-linux-x86_64-fedora-clang | 0.0.2 | 178.51 | NOTE | |||
r-devel-linux-x86_64-fedora-gcc | 0.0.2 | 176.11 | NOTE | |||
r-patched-linux-x86_64 | 0.0.2 | 13.74 | 135.30 | 149.04 | OK | |
r-release-linux-x86_64 | 0.0.2 | 9.62 | 133.49 | 143.11 | OK | |
r-release-macos-arm64 | 0.0.2 | 175.00 | OK | |||
r-release-macos-x86_64 | 0.0.2 | 140.00 | OK | |||
r-release-windows-x86_64 | 0.0.2 | 16.00 | 164.00 | 180.00 | OK | |
r-oldrel-macos-arm64 | 0.0.2 | 80.00 | OK | |||
r-oldrel-macos-x86_64 | 0.0.2 | 93.00 | OK | |||
r-oldrel-windows-ix86+x86_64 | 0.0.2 | 23.00 | 156.00 | 179.00 | OK |
Version: 0.0.2
Check: Rd \usage sections
Result: NOTE
S3 methods shown with full name in documentation object ‘bw.abram.temp’:
‘bw.abram.temp’
The \usage entries for S3 methods should use the \method markup and not
their full name.
See chapter ‘Writing R documentation files’ in the ‘Writing R
Extensions’ manual.
Flavors: r-devel-linux-x86_64-debian-clang, r-devel-linux-x86_64-debian-gcc, r-devel-linux-x86_64-fedora-clang, r-devel-linux-x86_64-fedora-gcc