CRAN Package Check Results for Package kableExtra

Last updated on 2023-03-22 04:52:48 CET.

Flavor Version Tinstall Tcheck Ttotal Status Flags
r-devel-linux-x86_64-debian-clang 1.3.4 10.28 96.78 107.06 NOTE
r-devel-linux-x86_64-debian-gcc 1.3.4 6.88 75.32 82.20 NOTE
r-devel-linux-x86_64-fedora-clang 1.3.4 146.24 NOTE
r-devel-linux-x86_64-fedora-gcc 1.3.4 137.24 NOTE
r-patched-linux-x86_64 1.3.4 10.55 94.92 105.47 NOTE
r-release-linux-x86_64 1.3.4 10.23 95.62 105.85 NOTE
r-release-macos-arm64 1.3.4 44.00 NOTE
r-release-macos-x86_64 1.3.4 58.00 NOTE
r-release-windows-x86_64 1.3.4 95.00 166.00 261.00 NOTE
r-oldrel-macos-arm64 1.3.4 45.00 NOTE
r-oldrel-macos-x86_64 1.3.4 66.00 NOTE
r-oldrel-windows-ix86+x86_64 1.3.4 21.00 141.00 162.00 NOTE

Check Details

Version: 1.3.4
Check: LazyData
Result: NOTE
     'LazyData' is specified without a 'data' directory
Flavors: r-devel-linux-x86_64-debian-clang, r-devel-linux-x86_64-debian-gcc, r-devel-linux-x86_64-fedora-clang, r-devel-linux-x86_64-fedora-gcc, r-patched-linux-x86_64, r-release-linux-x86_64, r-release-macos-arm64, r-release-macos-x86_64, r-release-windows-x86_64, r-oldrel-macos-arm64, r-oldrel-macos-x86_64, r-oldrel-windows-ix86+x86_64