Last updated on 2023-03-28 04:53:00 CEST.
Flavor | Version | Tinstall | Tcheck | Ttotal | Status | Flags |
---|---|---|---|---|---|---|
r-devel-linux-x86_64-debian-clang | 1.0.1 | 7.93 | 77.40 | 85.33 | NOTE | |
r-devel-linux-x86_64-debian-gcc | 1.0.1 | 6.15 | 57.26 | 63.41 | NOTE | |
r-devel-linux-x86_64-fedora-clang | 1.0.1 | 105.29 | NOTE | |||
r-devel-linux-x86_64-fedora-gcc | 1.0.1 | 109.62 | NOTE | |||
r-patched-linux-x86_64 | 1.0.1 | 7.26 | 72.66 | 79.92 | NOTE | |
r-release-linux-x86_64 | 1.0.1 | 6.55 | 72.37 | 78.92 | NOTE | |
r-release-macos-arm64 | 1.0.1 | 30.00 | NOTE | |||
r-release-macos-x86_64 | 1.0.1 | 55.00 | NOTE | |||
r-release-windows-x86_64 | 1.0.1 | 12.00 | 106.00 | 118.00 | NOTE | |
r-oldrel-macos-arm64 | 1.0.1 | 41.00 | NOTE | |||
r-oldrel-macos-x86_64 | 1.0.1 | 50.00 | NOTE | |||
r-oldrel-windows-ix86+x86_64 | 1.0.1 | 26.00 | 104.00 | 130.00 | NOTE |
Version: 1.0.1
Check: LazyData
Result: NOTE
'LazyData' is specified without a 'data' directory
Flavors: r-devel-linux-x86_64-debian-clang, r-devel-linux-x86_64-debian-gcc, r-devel-linux-x86_64-fedora-clang, r-devel-linux-x86_64-fedora-gcc, r-patched-linux-x86_64, r-release-linux-x86_64, r-release-macos-arm64, r-release-macos-x86_64, r-release-windows-x86_64, r-oldrel-macos-arm64, r-oldrel-macos-x86_64, r-oldrel-windows-ix86+x86_64