Last updated on 2023-03-25 04:54:42 CET.
Flavor | Version | Tinstall | Tcheck | Ttotal | Status | Flags |
---|---|---|---|---|---|---|
r-devel-linux-x86_64-debian-clang | 1.0.1 | 42.30 | 123.92 | 166.22 | OK | |
r-devel-linux-x86_64-debian-gcc | 1.0.1 | 33.34 | 92.50 | 125.84 | OK | |
r-devel-linux-x86_64-fedora-clang | 1.0.1 | 220.13 | NOTE | |||
r-devel-linux-x86_64-fedora-gcc | 1.0.1 | 205.34 | NOTE | |||
r-patched-linux-x86_64 | 1.0.1 | 35.59 | 114.88 | 150.47 | OK | |
r-release-linux-x86_64 | 1.0.1 | 34.95 | 116.40 | 151.35 | OK | |
r-release-macos-arm64 | 1.0.1 | 56.00 | NOTE | |||
r-release-macos-x86_64 | 1.0.1 | 96.00 | NOTE | |||
r-release-windows-x86_64 | 1.0.1 | 62.00 | 181.00 | 243.00 | OK | |
r-oldrel-macos-arm64 | 1.0.1 | 47.00 | NOTE | |||
r-oldrel-macos-x86_64 | 1.0.1 | 75.00 | NOTE | |||
r-oldrel-windows-ix86+x86_64 | 1.0.1 | 99.00 | 192.00 | 291.00 | OK |
Version: 1.0.1
Check: data for non-ASCII characters
Result: NOTE
Note: found 58 marked UTF-8 strings
Flavors: r-devel-linux-x86_64-fedora-clang, r-devel-linux-x86_64-fedora-gcc, r-release-macos-arm64, r-release-macos-x86_64, r-oldrel-macos-arm64, r-oldrel-macos-x86_64