Last updated on 2023-04-01 04:56:20 CEST.
Flavor | Version | Tinstall | Tcheck | Ttotal | Status | Flags |
---|---|---|---|---|---|---|
r-devel-linux-x86_64-debian-clang | 1.4 | 66.63 | 32.44 | 99.07 | WARN | |
r-devel-linux-x86_64-debian-gcc | 1.4 | 55.19 | 26.66 | 81.85 | NOTE | |
r-devel-linux-x86_64-fedora-clang | 1.4 | 148.69 | WARN | |||
r-devel-linux-x86_64-fedora-gcc | 1.4 | 137.31 | NOTE | |||
r-devel-windows-x86_64 | 1.4 | 82.00 | 0.00 | 82.00 | NOTE | |
r-patched-linux-x86_64 | 1.4 | 55.48 | 32.94 | 88.42 | NOTE | |
r-release-linux-x86_64 | 1.4 | 60.97 | 32.59 | 93.56 | OK | |
r-release-macos-arm64 | 1.4 | 41.00 | OK | |||
r-release-macos-x86_64 | 1.4 | 51.00 | OK | |||
r-release-windows-x86_64 | 1.4 | 180.00 | 89.00 | 269.00 | OK | |
r-oldrel-macos-arm64 | 1.3 | 42.00 | OK | |||
r-oldrel-macos-x86_64 | 1.3 | 65.00 | OK | |||
r-oldrel-windows-ix86+x86_64 | 1.3 | 140.00 | 85.00 | 225.00 | OK |
Version: 1.4
Check: whether package can be installed
Result: WARN
Found the following significant warnings:
/home/hornik/tmp/R.check/r-devel-clang/Work/build/Packages/BH/include/boost/graph/detail/adjacency_list.hpp:2271:27: warning: variable 'p' is uninitialized when passed as a const reference argument here [-Wuninitialized-const-reference]
See ‘/home/hornik/tmp/R.check/r-devel-clang/Work/PKGS/isqg.Rcheck/00install.out’ for details.
* used C++ compiler: ‘Debian clang version 15.0.6’
Flavor: r-devel-linux-x86_64-debian-clang
Version: 1.4
Check: C++ specification
Result: NOTE
Specified C++14: please drop specification unless essential
Flavors: r-devel-linux-x86_64-debian-clang, r-devel-linux-x86_64-debian-gcc, r-devel-linux-x86_64-fedora-clang, r-devel-linux-x86_64-fedora-gcc, r-devel-windows-x86_64, r-patched-linux-x86_64
Version: 1.4
Check: whether package can be installed
Result: WARN
Found the following significant warnings:
/data/gannet/ripley/R/test-clang/BH/include/boost/graph/detail/adjacency_list.hpp:2271:27: warning: variable 'p' is uninitialized when passed as a const reference argument here [-Wuninitialized-const-reference]
See ‘/data/gannet/ripley/R/packages/tests-clang/isqg.Rcheck/00install.out’ for details.
* used C++ compiler: ‘clang version 16.0.0’
Flavor: r-devel-linux-x86_64-fedora-clang