Last updated on 2023-03-22 04:52:47 CET.
Flavor | Version | Tinstall | Tcheck | Ttotal | Status | Flags |
---|---|---|---|---|---|---|
r-devel-linux-x86_64-debian-clang | 0.2.7 | 9.62 | 39.56 | 49.18 | NOTE | |
r-devel-linux-x86_64-debian-gcc | 0.2.7 | 6.49 | 30.91 | 37.40 | NOTE | |
r-devel-linux-x86_64-fedora-clang | 0.2.7 | 73.23 | NOTE | |||
r-devel-linux-x86_64-fedora-gcc | 0.2.7 | 76.67 | NOTE | |||
r-patched-linux-x86_64 | 0.2.7 | 7.29 | 40.12 | 47.41 | OK | |
r-release-linux-x86_64 | 0.2.7 | 7.69 | 39.41 | 47.10 | OK | |
r-release-macos-arm64 | 0.2.7 | 32.00 | OK | |||
r-release-macos-x86_64 | 0.2.7 | 78.00 | OK | |||
r-release-windows-x86_64 | 0.2.7 | 699.00 | 96.00 | 795.00 | OK | |
r-oldrel-macos-arm64 | 0.2.7 | 50.00 | OK | |||
r-oldrel-macos-x86_64 | 0.2.7 | 85.00 | OK | |||
r-oldrel-windows-ix86+x86_64 | 0.2.7 | 33.00 | 93.00 | 126.00 | OK |
Version: 0.2.7
Check: C++ specification
Result: NOTE
Specified C++11: please drop specification unless essential
Flavors: r-devel-linux-x86_64-debian-clang, r-devel-linux-x86_64-debian-gcc, r-devel-linux-x86_64-fedora-clang, r-devel-linux-x86_64-fedora-gcc