Last updated on 2023-02-08 04:52:02 CET.
Flavor | Version | Tinstall | Tcheck | Ttotal | Status | Flags |
---|---|---|---|---|---|---|
r-devel-linux-x86_64-debian-clang | 0.15.2 | 13.41 | 55.96 | 69.37 | NOTE | |
r-devel-linux-x86_64-debian-gcc | 0.15.2 | 8.81 | 42.06 | 50.87 | NOTE | |
r-devel-linux-x86_64-fedora-clang | 0.15.2 | 89.14 | NOTE | |||
r-devel-linux-x86_64-fedora-gcc | 0.15.2 | 94.49 | NOTE | |||
r-devel-windows-x86_64 | 0.15.2 | 104.00 | 115.00 | 219.00 | NOTE | |
r-patched-linux-x86_64 | 0.15.2 | 10.01 | 51.12 | 61.13 | OK | |
r-release-linux-x86_64 | 0.15.2 | 8.84 | 52.68 | 61.52 | OK | |
r-release-macos-arm64 | 0.15.2 | 36.00 | OK | |||
r-release-macos-x86_64 | 0.15.2 | 44.00 | OK | |||
r-release-windows-x86_64 | 0.15.2 | 26.00 | 110.00 | 136.00 | OK | |
r-oldrel-macos-arm64 | 0.15.2 | 37.00 | OK | |||
r-oldrel-macos-x86_64 | 0.15.2 | 63.00 | OK | |||
r-oldrel-windows-ix86+x86_64 | 0.15.2 | 27.00 | 68.00 | 95.00 | OK |
Version: 0.15.2
Check: Rd files
Result: NOTE
checkRd: (-1) Intervals-class.Rd:109: Escaped LaTeX specials: \_
checkRd: (-1) Intervals-class.Rd:110: Escaped LaTeX specials: \_
checkRd: (-1) Intervals_virtual-class.Rd:68: Escaped LaTeX specials: \_
checkRd: (-1) Intervals_virtual-class.Rd:76: Escaped LaTeX specials: \_
checkRd: (-1) Intervals_virtual-class.Rd:77: Escaped LaTeX specials: \_
checkRd: (-1) Intervals_virtual-class.Rd:78: Escaped LaTeX specials: \_
checkRd: (-1) Intervals_virtual-class.Rd:79: Escaped LaTeX specials: \_
checkRd: (-1) Intervals_virtual-class.Rd:81: Escaped LaTeX specials: \_
checkRd: (-1) Intervals_virtual-class.Rd:88: Escaped LaTeX specials: \_
checkRd: (-1) Intervals_virtual-class.Rd:89: Escaped LaTeX specials: \_
checkRd: (-1) Intervals_virtual-class.Rd:90: Escaped LaTeX specials: \_
checkRd: (-1) sgd.Rd:12: Escaped LaTeX specials: \_
Flavors: r-devel-linux-x86_64-debian-clang, r-devel-linux-x86_64-debian-gcc, r-devel-linux-x86_64-fedora-clang, r-devel-linux-x86_64-fedora-gcc, r-devel-windows-x86_64