Last updated on 2023-03-24 04:52:31 CET.
Flavor | Version | Tinstall | Tcheck | Ttotal | Status | Flags |
---|---|---|---|---|---|---|
r-devel-linux-x86_64-debian-clang | 0.1.0 | 2.75 | 24.36 | 27.11 | OK | |
r-devel-linux-x86_64-debian-gcc | 0.1.0 | 1.80 | 20.22 | 22.02 | OK | |
r-devel-linux-x86_64-fedora-clang | 0.1.0 | 36.37 | NOTE | |||
r-devel-linux-x86_64-fedora-gcc | 0.1.0 | 33.32 | OK | |||
r-patched-linux-x86_64 | 0.1.0 | 2.41 | 26.52 | 28.93 | OK | |
r-release-linux-x86_64 | 0.1.0 | 2.05 | 26.88 | 28.93 | OK | |
r-release-macos-arm64 | 0.1.0 | 16.00 | OK | |||
r-release-macos-x86_64 | 0.1.0 | 23.00 | OK | |||
r-release-windows-x86_64 | 0.1.0 | 15.00 | 63.00 | 78.00 | OK | |
r-oldrel-macos-arm64 | 0.1.0 | 20.00 | OK | |||
r-oldrel-macos-x86_64 | 0.1.0 | 30.00 | OK | |||
r-oldrel-windows-ix86+x86_64 | 0.1.0 | 6.00 | 65.00 | 71.00 | OK |
Version: 0.1.0
Check: Rd cross-references
Result: NOTE
Undeclared package ‘colorspace’ in Rd xrefs
Flavor: r-devel-linux-x86_64-fedora-clang