CRAN Package Check Results for Package inca

Last updated on 2023-04-01 04:56:20 CEST.

Flavor Version Tinstall Tcheck Ttotal Status Flags
r-devel-linux-x86_64-debian-clang 0.0.4 53.37 69.94 123.31 NOTE
r-devel-linux-x86_64-debian-gcc 0.0.4 39.67 54.11 93.78 NOTE
r-devel-linux-x86_64-fedora-clang 0.0.4 151.50 NOTE
r-devel-linux-x86_64-fedora-gcc 0.0.4 146.32 NOTE
r-devel-windows-x86_64 0.0.4 49.00 0.00 49.00 NOTE
r-patched-linux-x86_64 0.0.4 38.32 52.44 90.76 NOTE
r-release-linux-x86_64 0.0.4 33.75 68.13 101.88 OK
r-release-macos-arm64 0.0.4 43.00 OK
r-release-macos-x86_64 0.0.4 59.00 NOTE
r-release-windows-x86_64 0.0.4 47.00 123.00 170.00 OK
r-oldrel-macos-arm64 0.0.4 45.00 NOTE
r-oldrel-macos-x86_64 0.0.4 85.00 OK
r-oldrel-windows-ix86+x86_64 0.0.4 100.00 133.00 233.00 OK

Check Details

Version: 0.0.4
Check: C++ specification
Result: NOTE
     Specified C++11: please drop specification unless essential
Flavors: r-devel-linux-x86_64-debian-clang, r-devel-linux-x86_64-debian-gcc, r-devel-linux-x86_64-fedora-clang, r-devel-linux-x86_64-fedora-gcc, r-devel-windows-x86_64, r-patched-linux-x86_64

Version: 0.0.4
Check: installed package size
Result: NOTE
     installed size is 5.0Mb
     sub-directories of 1Mb or more:
     libs 4.9Mb
Flavors: r-release-macos-x86_64, r-oldrel-macos-arm64