Last updated on 2023-03-28 04:53:00 CEST.
Flavor | Version | Tinstall | Tcheck | Ttotal | Status | Flags |
---|---|---|---|---|---|---|
r-devel-linux-x86_64-debian-clang | 0.42.18 | 664.52 | 195.94 | 860.46 | OK | |
r-devel-linux-x86_64-debian-gcc | 0.42.19 | 643.61 | 163.34 | 806.95 | OK | |
r-devel-linux-x86_64-fedora-clang | 0.42.19 | 1066.30 | NOTE | |||
r-devel-linux-x86_64-fedora-gcc | 0.42.19 | 1406.18 | OK | |||
r-devel-windows-x86_64 | 0.42.19 | 455.00 | 314.00 | 769.00 | NOTE | |
r-patched-linux-x86_64 | 0.42.18 | 672.39 | 168.84 | 841.23 | OK | |
r-release-linux-x86_64 | 0.42.19 | 641.57 | 194.55 | 836.12 | OK | |
r-release-macos-arm64 | 0.42.18 | 189.00 | NOTE | |||
r-release-macos-x86_64 | 0.42.19 | 243.00 | NOTE | |||
r-release-windows-x86_64 | 0.42.19 | 386.00 | 307.00 | 693.00 | NOTE | |
r-oldrel-macos-arm64 | 0.42.19 | 176.00 | NOTE | |||
r-oldrel-macos-x86_64 | 0.42.19 | 260.00 | NOTE | |||
r-oldrel-windows-ix86+x86_64 | 0.42.19 | 893.00 | 393.00 | 1286.00 | NOTE |
Version: 0.42.19
Check: installed package size
Result: NOTE
installed size is 14.1Mb
sub-directories of 1Mb or more:
data 1.4Mb
doc 4.4Mb
extdata 1.1Mb
include 3.0Mb
libs 3.5Mb
Flavors: r-devel-linux-x86_64-fedora-clang, r-devel-windows-x86_64, r-release-macos-x86_64, r-release-windows-x86_64, r-oldrel-macos-arm64, r-oldrel-macos-x86_64, r-oldrel-windows-ix86+x86_64
Version: 0.42.18
Check: installed package size
Result: NOTE
installed size is 32.2Mb
sub-directories of 1Mb or more:
data 1.4Mb
doc 4.4Mb
extdata 1.0Mb
include 3.0Mb
libs 21.6Mb
Flavor: r-release-macos-arm64