Last updated on 2023-03-27 04:53:15 CEST.
Flavor | Version | Tinstall | Tcheck | Ttotal | Status | Flags |
---|---|---|---|---|---|---|
r-devel-linux-x86_64-debian-clang | 1.13.0 | 15.04 | 150.50 | 165.54 | NOTE | |
r-devel-linux-x86_64-debian-gcc | 1.13.0 | 10.92 | 113.70 | 124.62 | NOTE | |
r-devel-linux-x86_64-fedora-clang | 1.13.0 | 213.28 | NOTE | |||
r-devel-linux-x86_64-fedora-gcc | 1.13.0 | 206.01 | NOTE | |||
r-patched-linux-x86_64 | 1.13.0 | 21.38 | 145.40 | 166.78 | NOTE | |
r-release-linux-x86_64 | 1.13.0 | 11.98 | 139.61 | 151.59 | NOTE | |
r-release-macos-arm64 | 1.13.0 | 51.00 | NOTE | |||
r-release-macos-x86_64 | 1.13.0 | 78.00 | NOTE | |||
r-release-windows-x86_64 | 1.13.0 | 94.00 | 185.00 | 279.00 | NOTE | |
r-oldrel-macos-arm64 | 1.13.0 | 49.00 | NOTE | |||
r-oldrel-macos-x86_64 | 1.13.0 | 82.00 | NOTE | |||
r-oldrel-windows-ix86+x86_64 | 1.13.0 | 29.00 | 180.00 | 209.00 | NOTE |
Version: 1.13.0
Check: package dependencies
Result: NOTE
Package suggested but not available for checking: ‘surveyspec’
Flavors: r-devel-linux-x86_64-debian-clang, r-devel-linux-x86_64-debian-gcc, r-devel-linux-x86_64-fedora-clang, r-devel-linux-x86_64-fedora-gcc, r-patched-linux-x86_64, r-release-linux-x86_64, r-release-macos-arm64, r-release-macos-x86_64, r-release-windows-x86_64, r-oldrel-macos-arm64, r-oldrel-macos-x86_64, r-oldrel-windows-ix86+x86_64