Last updated on 2023-03-27 04:53:14 CEST.
Flavor | Version | Tinstall | Tcheck | Ttotal | Status | Flags |
---|---|---|---|---|---|---|
r-devel-linux-x86_64-debian-clang | 0.2.0 | 41.16 | 93.99 | 135.15 | OK | |
r-devel-linux-x86_64-debian-gcc | 0.2.0 | 32.26 | 66.71 | 98.97 | OK | |
r-devel-linux-x86_64-fedora-clang | 0.2.0 | 186.25 | NOTE | |||
r-devel-linux-x86_64-fedora-gcc | 0.2.0 | 166.01 | NOTE | |||
r-patched-linux-x86_64 | 0.2.0 | 41.87 | 93.29 | 135.16 | OK | |
r-release-linux-x86_64 | 0.2.0 | 33.60 | 102.76 | 136.36 | OK | |
r-release-macos-arm64 | 0.2.0 | 64.00 | NOTE | |||
r-release-macos-x86_64 | 0.2.0 | 76.00 | NOTE | |||
r-release-windows-x86_64 | 0.2.0 | 56.00 | 138.00 | 194.00 | OK | |
r-oldrel-macos-arm64 | 0.2.0 | 61.00 | NOTE | |||
r-oldrel-macos-x86_64 | 0.2.0 | 79.00 | NOTE | |||
r-oldrel-windows-ix86+x86_64 | 0.2.0 | 59.00 | 133.00 | 192.00 | OK |
Version: 0.2.0
Check: data for non-ASCII characters
Result: NOTE
Note: found 1058038 marked UTF-8 strings
Flavors: r-devel-linux-x86_64-fedora-clang, r-devel-linux-x86_64-fedora-gcc, r-release-macos-arm64, r-release-macos-x86_64, r-oldrel-macos-arm64, r-oldrel-macos-x86_64