Last updated on 2023-03-24 04:52:30 CET.
Flavor | Version | Tinstall | Tcheck | Ttotal | Status | Flags |
---|---|---|---|---|---|---|
r-devel-linux-x86_64-debian-clang | 0.2-2 | 4.80 | 48.13 | 52.93 | NOTE | |
r-devel-linux-x86_64-debian-gcc | 0.2-2 | 3.67 | 36.45 | 40.12 | NOTE | |
r-devel-linux-x86_64-fedora-clang | 0.2-2 | 68.61 | NOTE | |||
r-devel-linux-x86_64-fedora-gcc | 0.2-2 | 66.19 | NOTE | |||
r-patched-linux-x86_64 | 0.2-2 | 5.78 | 47.61 | 53.39 | NOTE | |
r-release-linux-x86_64 | 0.2-2 | 5.36 | 47.09 | 52.45 | NOTE | |
r-release-macos-arm64 | 0.2-2 | 21.00 | OK | |||
r-release-macos-x86_64 | 0.2-2 | 32.00 | OK | |||
r-release-windows-x86_64 | 0.2-2 | 19.00 | 80.00 | 99.00 | OK | |
r-oldrel-macos-arm64 | 0.2-2 | 35.00 | OK | |||
r-oldrel-macos-x86_64 | 0.2-2 | 55.00 | OK | |||
r-oldrel-windows-ix86+x86_64 | 0.2-2 | 13.00 | 75.00 | 88.00 | OK |
Version: 0.2-2
Check: package dependencies
Result: NOTE
Package which this enhances but not available for checking: ‘HadoopStreaming’
Flavors: r-devel-linux-x86_64-debian-clang, r-devel-linux-x86_64-debian-gcc, r-devel-linux-x86_64-fedora-clang, r-devel-linux-x86_64-fedora-gcc, r-patched-linux-x86_64, r-release-linux-x86_64