Last updated on 2023-02-08 04:52:01 CET.
Flavor | Version | Tinstall | Tcheck | Ttotal | Status | Flags |
---|---|---|---|---|---|---|
r-devel-linux-x86_64-debian-clang | 1.4.8 | 18.86 | 171.65 | 190.51 | NOTE | |
r-devel-linux-x86_64-debian-gcc | 1.4.8 | 14.23 | 123.02 | 137.25 | NOTE | |
r-devel-linux-x86_64-fedora-clang | 1.4.8 | 230.70 | OK | |||
r-devel-linux-x86_64-fedora-gcc | 1.4.8 | 238.54 | OK | |||
r-devel-windows-x86_64 | 1.4.8 | 40.00 | 199.00 | 239.00 | NOTE | |
r-patched-linux-x86_64 | 1.4.8 | 15.82 | 161.14 | 176.96 | NOTE | |
r-release-linux-x86_64 | 1.4.8 | 12.05 | 160.73 | 172.78 | NOTE | |
r-release-macos-arm64 | 1.4.8 | 68.00 | NOTE | |||
r-release-macos-x86_64 | 1.4.8 | 91.00 | NOTE | |||
r-release-windows-x86_64 | 1.4.8 | 65.00 | 199.00 | 264.00 | NOTE | |
r-oldrel-macos-arm64 | 1.4.8 | 63.00 | NOTE | |||
r-oldrel-macos-x86_64 | 1.4.8 | 89.00 | NOTE | |||
r-oldrel-windows-ix86+x86_64 | 1.4.8 | 38.00 | 191.00 | 229.00 | OK |
Version: 1.4.8
Check: package dependencies
Result: NOTE
Package suggested but not available for checking: ‘INLA’
Flavors: r-devel-linux-x86_64-debian-clang, r-devel-linux-x86_64-debian-gcc, r-devel-windows-x86_64, r-patched-linux-x86_64, r-release-linux-x86_64, r-release-macos-arm64, r-release-macos-x86_64, r-release-windows-x86_64, r-oldrel-macos-arm64, r-oldrel-macos-x86_64