Last updated on 2023-01-28 04:56:57 CET.
Flavor | Version | Tinstall | Tcheck | Ttotal | Status | Flags |
---|---|---|---|---|---|---|
r-devel-linux-x86_64-debian-clang | 1.28.2 | 10.31 | 76.30 | 86.61 | NOTE | |
r-devel-linux-x86_64-debian-gcc | 1.28.2 | 8.67 | 59.12 | 67.79 | NOTE | |
r-devel-linux-x86_64-fedora-clang | 1.28.2 | 116.22 | NOTE | |||
r-devel-linux-x86_64-fedora-gcc | 1.28.2 | 124.84 | NOTE | |||
r-devel-windows-x86_64 | 1.28.2 | 52.00 | 126.00 | 178.00 | NOTE | |
r-patched-linux-x86_64 | 1.28.2 | 10.47 | 71.89 | 82.36 | OK | |
r-release-linux-x86_64 | 1.28.2 | 11.40 | 71.43 | 82.83 | OK | |
r-release-macos-arm64 | 1.28.2 | 39.00 | NOTE | |||
r-release-macos-x86_64 | 1.28.2 | 53.00 | OK | |||
r-release-windows-x86_64 | 1.28.2 | 61.00 | 135.00 | 196.00 | OK | |
r-oldrel-macos-arm64 | 1.28.2 | 43.00 | NOTE | |||
r-oldrel-macos-x86_64 | 1.28.2 | 68.00 | OK | |||
r-oldrel-windows-ix86+x86_64 | 1.28.2 | 25.00 | 133.00 | 158.00 | OK |
Version: 1.28.2
Check: Rd files
Result: NOTE
checkRd: (-1) erode.hexbin.Rd:43: Escaped LaTeX specials: \_ \_ \_ \_ \_ \_ \_
Flavors: r-devel-linux-x86_64-debian-clang, r-devel-linux-x86_64-debian-gcc, r-devel-linux-x86_64-fedora-clang, r-devel-linux-x86_64-fedora-gcc, r-devel-windows-x86_64
Version: 1.28.2
Check: package dependencies
Result: NOTE
Packages suggested but not available for checking:
'marray', 'affy', 'Biobase', 'limma'
Flavor: r-release-macos-arm64
Version: 1.28.2
Check: Rd cross-references
Result: NOTE
Package unavailable to check Rd xrefs: ‘limma’
Flavor: r-release-macos-arm64
Version: 1.28.2
Check: package dependencies
Result: NOTE
Package suggested but not available for checking: ‘marray’
Flavor: r-oldrel-macos-arm64