Last updated on 2023-03-30 04:55:11 CEST.
Flavor | Version | Tinstall | Tcheck | Ttotal | Status | Flags |
---|---|---|---|---|---|---|
r-devel-linux-x86_64-debian-clang | 1.4-2 | 11.57 | 151.39 | 162.96 | OK | |
r-devel-linux-x86_64-debian-gcc | 1.4-2 | 8.00 | 110.26 | 118.26 | OK | |
r-devel-linux-x86_64-fedora-clang | 1.4-2 | 192.74 | NOTE | |||
r-devel-linux-x86_64-fedora-gcc | 1.4-2 | 202.30 | OK | |||
r-devel-windows-x86_64 | 1.4-2 | 82.00 | 0.00 | 82.00 | OK | |
r-patched-linux-x86_64 | 1.4-2 | 11.89 | 144.23 | 156.12 | OK | |
r-release-linux-x86_64 | 1.4-2 | 7.50 | 137.51 | 145.01 | OK | |
r-release-macos-arm64 | 1.4-2 | 41.00 | OK | |||
r-release-macos-x86_64 | 1.4-2 | 71.00 | OK | |||
r-release-windows-x86_64 | 1.4-2 | 64.00 | 198.00 | 262.00 | OK | |
r-oldrel-macos-arm64 | 1.4-2 | 42.00 | OK | |||
r-oldrel-macos-x86_64 | 1.4-2 | 77.00 | OK | |||
r-oldrel-windows-ix86+x86_64 | 1.4-2 | 23.00 | 184.00 | 207.00 | OK |
Version: 1.4-2
Check: Rd cross-references
Result: NOTE
Undeclared packages ‘Sleuth2’, ‘rrcov’, ‘carData’, ‘archdata’, ‘qqtest’ in Rd xrefs
Flavor: r-devel-linux-x86_64-fedora-clang