Last updated on 2023-03-31 04:51:49 CEST.
Flavor | Version | Tinstall | Tcheck | Ttotal | Status | Flags |
---|---|---|---|---|---|---|
r-devel-linux-x86_64-debian-clang | 1.0.10 | 4.55 | 42.65 | 47.20 | OK | |
r-devel-linux-x86_64-debian-gcc | 1.0.10 | 3.96 | 33.06 | 37.02 | OK | |
r-devel-linux-x86_64-fedora-clang | 1.0.10 | 59.16 | OK | |||
r-devel-linux-x86_64-fedora-gcc | 1.0.10 | 70.09 | OK | |||
r-devel-windows-x86_64 | 1.0.10 | 15.00 | 0.00 | 15.00 | OK | |
r-patched-linux-x86_64 | 1.0.10 | 4.85 | 42.75 | 47.60 | OK | |
r-release-linux-x86_64 | 1.0.10 | 5.06 | 45.41 | 50.47 | OK | |
r-release-macos-arm64 | 1.0.10 | 25.00 | OK | |||
r-release-macos-x86_64 | 1.0.10 | 33.00 | OK | |||
r-release-windows-x86_64 | 1.0.10 | 13.00 | 88.00 | 101.00 | OK | |
r-oldrel-macos-arm64 | 1.0.10 | 26.00 | OK | |||
r-oldrel-macos-x86_64 | 1.0.10 | 37.00 | OK | |||
r-oldrel-windows-ix86+x86_64 | 1.0.10 | 14.00 | 75.00 | 89.00 | NOTE |
Version: 1.0.10
Check: dependencies in R code
Result: NOTE
Initiating curl with CURL_SSL_BACKEND: openssl
Flavor: r-oldrel-windows-ix86+x86_64