Last updated on 2023-03-25 04:54:41 CET.
Flavor | Version | Tinstall | Tcheck | Ttotal | Status | Flags |
---|---|---|---|---|---|---|
r-devel-linux-x86_64-debian-clang | 1.0.2 | 159.73 | 192.69 | 352.42 | NOTE | |
r-devel-linux-x86_64-debian-gcc | 1.0.2 | 132.57 | 156.81 | 289.38 | NOTE | |
r-devel-linux-x86_64-fedora-clang | 1.0.2 | 533.74 | NOTE | |||
r-devel-linux-x86_64-fedora-gcc | 1.0.2 | 524.62 | NOTE | |||
r-patched-linux-x86_64 | 1.0.2 | 134.12 | 220.93 | 355.05 | OK | |
r-release-linux-x86_64 | 1.0.2 | 139.31 | 207.39 | 346.70 | OK | |
r-release-macos-arm64 | 1.0.2 | 104.00 | NOTE | |||
r-release-macos-x86_64 | 1.0.2 | 191.00 | NOTE | |||
r-release-windows-x86_64 | 1.0.2 | 142.00 | 266.00 | 408.00 | OK | |
r-oldrel-macos-arm64 | 1.0.2 | 116.00 | NOTE | |||
r-oldrel-macos-x86_64 | 1.0.2 | 179.00 | NOTE | |||
r-oldrel-windows-ix86+x86_64 | 1.0.2 | 375.00 | 326.00 | 701.00 | OK |
Version: 1.0.2
Check: C++ specification
Result: NOTE
Specified C++11: please drop specification unless essential
Flavors: r-devel-linux-x86_64-debian-clang, r-devel-linux-x86_64-debian-gcc, r-devel-linux-x86_64-fedora-clang, r-devel-linux-x86_64-fedora-gcc
Version: 1.0.2
Check: package dependencies
Result: NOTE
Imports includes 23 non-default packages.
Importing from so many packages makes the package vulnerable to any of
them becoming unavailable. Move as many as possible to Suggests and
use conditionally.
Flavor: r-devel-linux-x86_64-fedora-clang
Version: 1.0.2
Check: dependencies in R code
Result: NOTE
Namespaces in Imports field not imported from:
‘MCMCpack’ ‘ggjoy’ ‘isotone’ ‘questionr’ ‘rprojroot’ ‘tidyverse’
All declared Imports should be used.
Flavors: r-devel-linux-x86_64-fedora-clang, r-devel-linux-x86_64-fedora-gcc, r-release-macos-arm64, r-release-macos-x86_64, r-oldrel-macos-arm64, r-oldrel-macos-x86_64
Version: 1.0.2
Check: installed package size
Result: NOTE
installed size is 7.8Mb
sub-directories of 1Mb or more:
libs 7.1Mb
Flavors: r-release-macos-arm64, r-release-macos-x86_64, r-oldrel-macos-arm64, r-oldrel-macos-x86_64