Last updated on 2023-04-01 04:56:19 CEST.
Flavor | Version | Tinstall | Tcheck | Ttotal | Status | Flags |
---|---|---|---|---|---|---|
r-devel-linux-x86_64-debian-clang | 2.5.2 | 39.78 | 70.21 | 109.99 | NOTE | |
r-devel-linux-x86_64-debian-gcc | 2.5.2 | 30.63 | 52.82 | 83.45 | NOTE | |
r-devel-linux-x86_64-fedora-clang | 2.5.2 | 139.41 | NOTE | |||
r-devel-linux-x86_64-fedora-gcc | 2.5.2 | 156.84 | NOTE | |||
r-devel-windows-x86_64 | 2.5.2 | 194.00 | 0.00 | 194.00 | NOTE | |
r-patched-linux-x86_64 | 2.5.2 | 33.59 | 65.80 | 99.39 | NOTE | |
r-release-linux-x86_64 | 2.5.2 | 30.82 | 67.14 | 97.96 | NOTE | |
r-release-macos-arm64 | 2.5.2 | 40.00 | NOTE | |||
r-release-macos-x86_64 | 2.5.2 | 63.00 | NOTE | |||
r-release-windows-x86_64 | 2.5.2 | 146.00 | 133.00 | 279.00 | NOTE | |
r-oldrel-macos-arm64 | 2.5.2 | 42.00 | NOTE | |||
r-oldrel-macos-x86_64 | 2.5.2 | 65.00 | NOTE | |||
r-oldrel-windows-ix86+x86_64 | 2.5.2 | 116.00 | 139.00 | 255.00 | NOTE |
Version: 2.5.2
Check: for GNU extensions in Makefiles
Result: NOTE
GNU make is a SystemRequirements.
Flavors: r-devel-linux-x86_64-debian-clang, r-devel-linux-x86_64-debian-gcc, r-devel-linux-x86_64-fedora-clang, r-devel-linux-x86_64-fedora-gcc, r-devel-windows-x86_64, r-patched-linux-x86_64, r-release-linux-x86_64, r-release-macos-arm64, r-release-macos-x86_64, r-release-windows-x86_64, r-oldrel-macos-arm64, r-oldrel-macos-x86_64, r-oldrel-windows-ix86+x86_64
Version: 2.5.2
Check: Rd cross-references
Result: NOTE
Undeclared package ‘dplyr’ in Rd xrefs
Flavor: r-devel-linux-x86_64-fedora-clang