Last updated on 2023-03-28 04:52:59 CEST.
Flavor | Version | Tinstall | Tcheck | Ttotal | Status | Flags |
---|---|---|---|---|---|---|
r-devel-linux-x86_64-debian-clang | 1.0.1 | 58.28 | 125.77 | 184.05 | NOTE | |
r-devel-linux-x86_64-debian-gcc | 1.0.1 | 50.03 | 93.99 | 144.02 | NOTE | |
r-devel-linux-x86_64-fedora-clang | 1.0.1 | 251.98 | NOTE | |||
r-devel-linux-x86_64-fedora-gcc | 1.0.1 | 241.06 | NOTE | |||
r-patched-linux-x86_64 | 1.0.1 | 56.64 | 122.95 | 179.59 | NOTE | |
r-release-linux-x86_64 | 1.0.1 | 51.43 | 120.60 | 172.03 | OK | |
r-release-macos-arm64 | 1.0.1 | 60.00 | OK | |||
r-release-macos-x86_64 | 1.0.1 | 126.00 | OK | |||
r-release-windows-x86_64 | 1.0.1 | 102.00 | 187.00 | 289.00 | OK | |
r-oldrel-macos-arm64 | 1.0.1 | 68.00 | OK | |||
r-oldrel-macos-x86_64 | 1.0.1 | 100.00 | OK | |||
r-oldrel-windows-ix86+x86_64 | 1.0.1 | 152.00 | 249.00 | 401.00 | OK |
Version: 1.0.1
Check: C++ specification
Result: NOTE
Specified C++11: please drop specification unless essential
Flavors: r-devel-linux-x86_64-debian-clang, r-devel-linux-x86_64-debian-gcc, r-devel-linux-x86_64-fedora-clang, r-devel-linux-x86_64-fedora-gcc, r-patched-linux-x86_64