Last updated on 2023-03-29 04:51:12 CEST.
Flavor | Version | Tinstall | Tcheck | Ttotal | Status | Flags |
---|---|---|---|---|---|---|
r-devel-linux-x86_64-debian-clang | 0.3.0 | 5.92 | 43.18 | 49.10 | OK | |
r-devel-linux-x86_64-debian-gcc | 0.3.0 | 4.68 | 33.33 | 38.01 | OK | |
r-devel-linux-x86_64-fedora-clang | 0.3.0 | 60.52 | OK | |||
r-devel-linux-x86_64-fedora-gcc | 0.3.0 | 59.17 | OK | |||
r-devel-windows-x86_64 | 0.3.0 | 39.00 | 0.00 | 39.00 | OK | |
r-patched-linux-x86_64 | 0.3.0 | 5.90 | 42.72 | 48.62 | OK | |
r-release-linux-x86_64 | 0.3.0 | 5.94 | 42.67 | 48.61 | OK | |
r-release-macos-arm64 | 0.3.0 | 24.00 | OK | |||
r-release-macos-x86_64 | 0.3.0 | 31.00 | OK | |||
r-release-windows-x86_64 | 0.3.0 | 36.00 | 74.00 | 110.00 | OK | |
r-oldrel-macos-arm64 | 0.3.0 | 28.00 | OK | |||
r-oldrel-macos-x86_64 | 0.3.0 | 41.00 | OK | |||
r-oldrel-windows-ix86+x86_64 | 0.3.0 | 12.00 | 78.00 | 90.00 | NOTE |
Version: 0.3.0
Check: R code for possible problems
Result: NOTE
Initiating curl with CURL_SSL_BACKEND: openssl
Flavor: r-oldrel-windows-ix86+x86_64