Last updated on 2023-04-02 04:51:38 CEST.
Flavor | Version | Tinstall | Tcheck | Ttotal | Status | Flags |
---|---|---|---|---|---|---|
r-devel-linux-x86_64-debian-clang | 0.1.5 | 44.75 | 42.42 | 87.17 | NOTE | |
r-devel-linux-x86_64-debian-gcc | 0.1.5 | 36.60 | 32.76 | 69.36 | NOTE | |
r-devel-linux-x86_64-fedora-clang | 0.1.5 | 123.62 | NOTE | |||
r-devel-linux-x86_64-fedora-gcc | 0.1.5 | 120.63 | NOTE | |||
r-devel-windows-x86_64 | 0.1.5 | 54.00 | 97.00 | 151.00 | NOTE | |
r-patched-linux-x86_64 | 0.1.5 | 37.17 | 40.51 | 77.68 | NOTE | |
r-release-linux-x86_64 | 0.1.5 | 37.36 | 43.73 | 81.09 | OK | |
r-release-macos-arm64 | 0.1.5 | 37.00 | OK | |||
r-release-macos-x86_64 | 0.1.5 | 45.00 | OK | |||
r-release-windows-x86_64 | 0.1.5 | 82.00 | 99.00 | 181.00 | OK | |
r-oldrel-macos-arm64 | 0.1.5 | 41.00 | OK | |||
r-oldrel-macos-x86_64 | 0.1.5 | 53.00 | OK | |||
r-oldrel-windows-ix86+x86_64 | 0.1.5 | 106.00 | 102.00 | 208.00 | NOTE |
Version: 0.1.5
Check: C++ specification
Result: NOTE
Specified C++11: please drop specification unless essential
Flavors: r-devel-linux-x86_64-debian-clang, r-devel-linux-x86_64-debian-gcc, r-devel-linux-x86_64-fedora-clang, r-devel-linux-x86_64-fedora-gcc, r-devel-windows-x86_64, r-patched-linux-x86_64
Version: 0.1.5
Check: dependencies in R code
Result: NOTE
Initiating curl with CURL_SSL_BACKEND: openssl
Flavor: r-oldrel-windows-ix86+x86_64