Last updated on 2023-03-31 04:51:48 CEST.
Flavor | Version | Tinstall | Tcheck | Ttotal | Status | Flags |
---|---|---|---|---|---|---|
r-devel-linux-x86_64-debian-clang | 2.2.1 | 350.20 | 104.71 | 454.91 | NOTE | |
r-devel-linux-x86_64-debian-gcc | 2.2.1 | 255.99 | 86.92 | 342.91 | NOTE | |
r-devel-linux-x86_64-fedora-clang | 2.2.1 | 705.46 | NOTE | |||
r-devel-linux-x86_64-fedora-gcc | 2.2.1 | 583.79 | NOTE | |||
r-devel-windows-x86_64 | 2.2.1 | 492.00 | 0.00 | 492.00 | NOTE | |
r-patched-linux-x86_64 | 2.2.1 | 265.53 | 108.60 | 374.13 | NOTE | |
r-release-linux-x86_64 | 2.2.1 | 277.61 | 105.05 | 382.66 | NOTE | |
r-release-macos-arm64 | 2.2.1 | 152.00 | NOTE | |||
r-release-macos-x86_64 | 2.2.1 | 182.00 | NOTE | |||
r-release-windows-x86_64 | 2.2.1 | 372.00 | 172.00 | 544.00 | NOTE | |
r-oldrel-macos-arm64 | 2.2.1 | 143.00 | NOTE | |||
r-oldrel-macos-x86_64 | 2.2.1 | 180.00 | NOTE | |||
r-oldrel-windows-ix86+x86_64 | 2.2.1 | 805.00 | 195.00 | 1000.00 | NOTE |
Version: 2.2.1
Check: C++ specification
Result: NOTE
Specified C++11: please drop specification unless essential
Flavors: r-devel-linux-x86_64-debian-clang, r-devel-linux-x86_64-debian-gcc, r-devel-linux-x86_64-fedora-clang, r-devel-linux-x86_64-fedora-gcc, r-devel-windows-x86_64, r-patched-linux-x86_64
Version: 2.2.1
Check: for GNU extensions in Makefiles
Result: NOTE
GNU make is a SystemRequirements.
Flavors: r-devel-linux-x86_64-debian-clang, r-devel-linux-x86_64-debian-gcc, r-devel-linux-x86_64-fedora-clang, r-devel-linux-x86_64-fedora-gcc, r-devel-windows-x86_64, r-patched-linux-x86_64, r-release-linux-x86_64, r-release-macos-arm64, r-release-macos-x86_64, r-release-windows-x86_64, r-oldrel-macos-arm64, r-oldrel-macos-x86_64, r-oldrel-windows-ix86+x86_64
Version: 2.2.1
Check: installed package size
Result: NOTE
installed size is 32.2Mb
sub-directories of 1Mb or more:
libs 31.7Mb
Flavors: r-release-macos-arm64, r-release-macos-x86_64, r-oldrel-macos-arm64, r-oldrel-macos-x86_64