Last updated on 2023-04-01 04:56:19 CEST.
Flavor | Version | Tinstall | Tcheck | Ttotal | Status | Flags |
---|---|---|---|---|---|---|
r-devel-linux-x86_64-debian-clang | 2.0.0.0 | 20.08 | 79.39 | 99.47 | WARN | |
r-devel-linux-x86_64-debian-gcc | 2.0.0.0 | 14.75 | 57.60 | 72.35 | WARN | |
r-devel-linux-x86_64-fedora-clang | 2.0.0.0 | 122.79 | WARN | |||
r-devel-linux-x86_64-fedora-gcc | 2.0.0.0 | 116.13 | WARN | |||
r-devel-windows-x86_64 | 2.0.0.0 | 134.00 | 0.00 | 134.00 | NOTE | |
r-patched-linux-x86_64 | 2.0.0.0 | 19.43 | 73.68 | 93.11 | WARN | |
r-release-linux-x86_64 | 2.0.0.0 | 16.09 | 71.02 | 87.11 | NOTE | |
r-release-macos-arm64 | 2.0.0.0 | 40.00 | NOTE | |||
r-release-macos-x86_64 | 2.0.0.0 | 53.00 | NOTE | |||
r-release-windows-x86_64 | 2.0.0.0 | 94.00 | 109.00 | 203.00 | NOTE | |
r-oldrel-macos-arm64 | 2.0.0.0 | 36.00 | NOTE | |||
r-oldrel-macos-x86_64 | 2.0.0.0 | 53.00 | NOTE | |||
r-oldrel-windows-ix86+x86_64 | 2.0.0.0 | 71.00 | 136.00 | 207.00 | NOTE |
Version: 2.0.0.0
Check: package dependencies
Result: NOTE
Packages suggested but not available for checking:
'taxstats', 'taxstats1516'
Flavors: r-devel-linux-x86_64-debian-clang, r-devel-linux-x86_64-debian-gcc, r-devel-linux-x86_64-fedora-clang, r-devel-linux-x86_64-fedora-gcc, r-devel-windows-x86_64, r-patched-linux-x86_64, r-release-linux-x86_64, r-release-macos-arm64, r-release-macos-x86_64, r-release-windows-x86_64, r-oldrel-macos-arm64, r-oldrel-macos-x86_64, r-oldrel-windows-ix86+x86_64
Version: 2.0.0.0
Check: whether package can be installed
Result: WARN
Found the following significant warnings:
Offset.c:3:21: warning: a function declaration without a prototype is deprecated in all versions of C [-Wstrict-prototypes]
init.c:12:28: warning: a function declaration without a prototype is deprecated in all versions of C [-Wstrict-prototypes]
omp_diagnose.c:5:16: warning: a function declaration without a prototype is deprecated in all versions of C [-Wstrict-prototypes]
omp_diagnose.c:18:17: warning: a function declaration without a prototype is deprecated in all versions of C [-Wstrict-prototypes]
See ‘/home/hornik/tmp/R.check/r-devel-clang/Work/PKGS/grattan.Rcheck/00install.out’ for details.
* used C compiler: ‘Debian clang version 15.0.6’
Flavor: r-devel-linux-x86_64-debian-clang
Version: 2.0.0.0
Check: whether package can be installed
Result: WARN
Found the following significant warnings:
Offset.c:3:6: warning: function declaration isn’t a prototype [-Wstrict-prototypes]
init.c:12:1: warning: function declaration isn’t a prototype [-Wstrict-prototypes]
omp_diagnose.c:5:6: warning: function declaration isn’t a prototype [-Wstrict-prototypes]
omp_diagnose.c:18:6: warning: function declaration isn’t a prototype [-Wstrict-prototypes]
See ‘/home/hornik/tmp/R.check/r-devel-gcc/Work/PKGS/grattan.Rcheck/00install.out’ for details.
* used C compiler: ‘gcc-12 (Debian 12.2.0-14) 12.2.0’
Flavor: r-devel-linux-x86_64-debian-gcc
Version: 2.0.0.0
Check: whether package can be installed
Result: WARN
Found the following significant warnings:
Offset.c:3:21: warning: a function declaration without a prototype is deprecated in all versions of C [-Wstrict-prototypes]
init.c:12:28: warning: a function declaration without a prototype is deprecated in all versions of C [-Wstrict-prototypes]
omp_diagnose.c:5:16: warning: a function declaration without a prototype is deprecated in all versions of C [-Wstrict-prototypes]
omp_diagnose.c:18:17: warning: a function declaration without a prototype is deprecated in all versions of C [-Wstrict-prototypes]
See ‘/data/gannet/ripley/R/packages/tests-clang/grattan.Rcheck/00install.out’ for details.
* used C compiler: ‘clang version 16.0.0’
Flavor: r-devel-linux-x86_64-fedora-clang
Version: 2.0.0.0
Check: whether package can be installed
Result: WARN
Found the following significant warnings:
Offset.c:3:6: warning: function declaration isn’t a prototype [-Wstrict-prototypes]
init.c:12:1: warning: function declaration isn’t a prototype [-Wstrict-prototypes]
omp_diagnose.c:5:6: warning: function declaration isn’t a prototype [-Wstrict-prototypes]
omp_diagnose.c:18:6: warning: function declaration isn’t a prototype [-Wstrict-prototypes]
See ‘/data/gannet/ripley/R/packages/tests-devel/grattan.Rcheck/00install.out’ for details.
* used C compiler: ‘gcc (GCC) 12.2.1 20221121 (Red Hat 12.2.1-4)’
Flavor: r-devel-linux-x86_64-fedora-gcc
Version: 2.0.0.0
Check: whether package can be installed
Result: WARN
Found the following significant warnings:
Offset.c:3:6: warning: function declaration isn’t a prototype [-Wstrict-prototypes]
init.c:12:1: warning: function declaration isn’t a prototype [-Wstrict-prototypes]
omp_diagnose.c:5:6: warning: function declaration isn’t a prototype [-Wstrict-prototypes]
omp_diagnose.c:18:6: warning: function declaration isn’t a prototype [-Wstrict-prototypes]
See ‘/home/hornik/tmp/R.check/r-patched-gcc/Work/PKGS/grattan.Rcheck/00install.out’ for details.
* used C compiler: ‘gcc-11 (Debian 11.3.0-12) 11.3.0’
Flavor: r-patched-linux-x86_64
Version: 2.0.0.0
Check: dependencies in R code
Result: NOTE
Initiating curl with CURL_SSL_BACKEND: openssl
Flavor: r-oldrel-windows-ix86+x86_64