CRAN Package Check Results for Package graphicalExtremes

Last updated on 2023-03-21 04:57:52 CET.

Flavor Version Tinstall Tcheck Ttotal Status Flags
r-devel-linux-x86_64-debian-clang 0.2.0 OK
r-devel-linux-x86_64-debian-gcc 0.2.0 13.31 125.55 138.86 OK
r-devel-linux-x86_64-fedora-clang 0.2.0 236.70 NOTE
r-devel-linux-x86_64-fedora-gcc 0.2.0 234.74 OK
r-patched-linux-x86_64 0.2.0 15.45 163.23 178.68 OK
r-release-linux-x86_64 0.2.0 10.62 163.02 173.64 OK
r-release-macos-arm64 0.2.0 76.00 OK
r-release-macos-x86_64 0.2.0 97.00 OK
r-release-windows-x86_64 0.2.0 210.00 233.00 443.00 OK
r-oldrel-macos-arm64 0.2.0 77.00 OK
r-oldrel-macos-x86_64 0.2.0 101.00 OK
r-oldrel-windows-ix86+x86_64 0.2.0 26.00 234.00 260.00 OK

Check Details

Version: 0.2.0
Check: Rd cross-references
Result: NOTE
    Undeclared package ‘glasso’ in Rd xrefs
Flavor: r-devel-linux-x86_64-fedora-clang