Last updated on 2023-03-22 04:52:46 CET.
Flavor | Version | Tinstall | Tcheck | Ttotal | Status | Flags |
---|---|---|---|---|---|---|
r-devel-linux-x86_64-debian-clang | 3.0.1 | 19.60 | 232.86 | 252.46 | OK | |
r-devel-linux-x86_64-debian-gcc | 3.0.1 | 16.60 | 172.80 | 189.40 | OK | |
r-devel-linux-x86_64-fedora-clang | 3.0.1 | 312.09 | NOTE | |||
r-devel-linux-x86_64-fedora-gcc | 3.0.1 | 296.61 | OK | |||
r-patched-linux-x86_64 | 3.0.1 | 29.94 | 212.39 | 242.33 | OK | |
r-release-linux-x86_64 | 3.0.1 | 20.77 | 215.42 | 236.19 | OK | |
r-release-macos-arm64 | 3.0.1 | 55.00 | OK | |||
r-release-macos-x86_64 | 3.0.1 | 108.00 | OK | |||
r-release-windows-x86_64 | 3.0.1 | 63.00 | 275.00 | 338.00 | OK | |
r-oldrel-macos-arm64 | 3.0.1 | 72.00 | OK | |||
r-oldrel-macos-x86_64 | 3.0.1 | 107.00 | OK | |||
r-oldrel-windows-ix86+x86_64 | 3.0.1 | 42.00 | 255.00 | 297.00 | OK |
Version: 3.0.1
Check: Rd cross-references
Result: NOTE
Undeclared package ‘gratia’ in Rd xrefs
Flavor: r-devel-linux-x86_64-fedora-clang