Last updated on 2023-03-22 04:52:46 CET.
Flavor | Version | Tinstall | Tcheck | Ttotal | Status | Flags |
---|---|---|---|---|---|---|
r-devel-linux-x86_64-debian-clang | 3.1.3 | 8.39 | 85.00 | 93.39 | NOTE | |
r-devel-linux-x86_64-debian-gcc | 3.1.3 | 6.56 | 62.78 | 69.34 | NOTE | |
r-devel-linux-x86_64-fedora-clang | 3.1.3 | 116.31 | NOTE | |||
r-devel-linux-x86_64-fedora-gcc | 3.1.3 | 120.58 | NOTE | |||
r-patched-linux-x86_64 | 3.1.3 | 7.36 | 79.89 | 87.25 | OK | |
r-release-linux-x86_64 | 3.1.3 | 5.66 | 81.27 | 86.93 | OK | |
r-release-macos-arm64 | 3.1.3 | 31.00 | OK | |||
r-release-macos-x86_64 | 3.1.3 | 48.00 | OK | |||
r-release-windows-x86_64 | 3.1.3 | 28.00 | 125.00 | 153.00 | OK | |
r-oldrel-macos-arm64 | 3.1.3 | 34.00 | OK | |||
r-oldrel-macos-x86_64 | 3.1.3 | 52.00 | OK | |||
r-oldrel-windows-ix86+x86_64 | 3.1.3 | 13.00 | 108.00 | 121.00 | OK |
Version: 3.1.3
Check: Rd files
Result: NOTE
checkRd: (-1) barplot2.Rd:219: Escaped LaTeX specials: \_
checkRd: (-1) colorpanel.Rd:31: Escaped LaTeX specials: \#
checkRd: (-1) qqnorm.aov.Rd:33: Escaped LaTeX specials: \&
checkRd: (-1) venn.Rd:59: Escaped LaTeX specials: \_
Flavors: r-devel-linux-x86_64-debian-clang, r-devel-linux-x86_64-debian-gcc, r-devel-linux-x86_64-fedora-clang, r-devel-linux-x86_64-fedora-gcc