CRAN Package Check Results for Package googleLanguageR

Last updated on 2023-03-25 04:54:41 CET.

Flavor Version Tinstall Tcheck Ttotal Status Flags
r-devel-linux-x86_64-debian-clang 0.3.0 5.71 61.30 67.01 NOTE
r-devel-linux-x86_64-debian-gcc 0.3.0 4.54 46.89 51.43 NOTE
r-devel-linux-x86_64-fedora-clang 0.3.0 89.32 NOTE
r-devel-linux-x86_64-fedora-gcc 0.3.0 89.90 NOTE
r-patched-linux-x86_64 0.3.0 9.53 57.32 66.85 NOTE
r-release-linux-x86_64 0.3.0 5.87 56.34 62.21 NOTE
r-release-macos-arm64 0.3.0 35.00 NOTE
r-release-macos-x86_64 0.3.0 47.00 NOTE
r-release-windows-x86_64 0.3.0 88.00 96.00 184.00 NOTE
r-oldrel-macos-arm64 0.3.0 31.00 NOTE
r-oldrel-macos-x86_64 0.3.0 64.00 NOTE
r-oldrel-windows-ix86+x86_64 0.3.0 17.00 89.00 106.00 NOTE

Check Details

Version: 0.3.0
Check: LazyData
Result: NOTE
     'LazyData' is specified without a 'data' directory
Flavors: r-devel-linux-x86_64-debian-clang, r-devel-linux-x86_64-debian-gcc, r-devel-linux-x86_64-fedora-clang, r-devel-linux-x86_64-fedora-gcc, r-patched-linux-x86_64, r-release-linux-x86_64, r-release-macos-arm64, r-release-macos-x86_64, r-release-windows-x86_64, r-oldrel-macos-arm64, r-oldrel-macos-x86_64, r-oldrel-windows-ix86+x86_64