Last updated on 2023-02-08 04:52:00 CET.
Flavor | Version | Tinstall | Tcheck | Ttotal | Status | Flags |
---|---|---|---|---|---|---|
r-devel-linux-x86_64-debian-clang | 2.18.1.1 | 3.58 | 34.90 | 38.48 | OK | |
r-devel-linux-x86_64-debian-gcc | 2.18.1.1 | 2.67 | 26.20 | 28.87 | OK | |
r-devel-linux-x86_64-fedora-clang | 2.18.1.1 | 47.15 | NOTE | |||
r-devel-linux-x86_64-fedora-gcc | 2.18.1.1 | 45.49 | OK | |||
r-devel-windows-x86_64 | 2.18.1.1 | 16.00 | 71.00 | 87.00 | OK | |
r-patched-linux-x86_64 | 2.18.1.1 | 3.51 | 33.64 | 37.15 | OK | |
r-release-linux-x86_64 | 2.18.1.1 | 2.87 | 32.45 | 35.32 | OK | |
r-release-macos-arm64 | 2.18.1.1 | 26.00 | OK | |||
r-release-macos-x86_64 | 2.18.1.1 | 28.00 | OK | |||
r-release-windows-x86_64 | 2.18.1.1 | 17.00 | 68.00 | 85.00 | OK | |
r-oldrel-macos-arm64 | 2.18.1.1 | 25.00 | OK | |||
r-oldrel-macos-x86_64 | 2.18.1.1 | 29.00 | OK | |||
r-oldrel-windows-ix86+x86_64 | 2.18.1.1 | 7.00 | 56.00 | 63.00 | OK |
Version: 2.18.1.1
Check: Rd cross-references
Result: NOTE
Undeclared package ‘rms’ in Rd xrefs
Flavor: r-devel-linux-x86_64-fedora-clang