Last updated on 2023-03-27 04:53:13 CEST.
Flavor | Version | Tinstall | Tcheck | Ttotal | Status | Flags |
---|---|---|---|---|---|---|
r-devel-linux-x86_64-debian-clang | 4.1-7 | 152.14 | 289.85 | 441.99 | OK | |
r-devel-linux-x86_64-debian-gcc | 4.1-7 | 120.62 | 227.78 | 348.40 | OK | |
r-devel-linux-x86_64-fedora-clang | 4.1-7 | 568.17 | OK | |||
r-devel-linux-x86_64-fedora-gcc | 4.1-7 | 579.78 | OK | |||
r-devel-windows-x86_64 | 4.1-7 | 145.00 | 436.00 | 581.00 | OK | |
r-patched-linux-x86_64 | 4.1-7 | 130.22 | 290.79 | 421.01 | OK | |
r-release-linux-x86_64 | 4.1-6 | 112.26 | 276.67 | 388.93 | OK | |
r-release-macos-arm64 | 4.1-7 | 132.00 | NOTE | |||
r-release-macos-x86_64 | 4.1-7 | 174.00 | NOTE | |||
r-release-windows-x86_64 | 4.1-7 | 182.00 | 401.00 | 583.00 | OK | |
r-oldrel-macos-arm64 | 4.1-7 | 128.00 | NOTE | |||
r-oldrel-macos-x86_64 | 4.1-7 | 194.00 | NOTE | |||
r-oldrel-windows-ix86+x86_64 | 4.1-7 | 269.00 | 470.00 | 739.00 | NOTE |
Version: 4.1-7
Check: installed package size
Result: NOTE
installed size is 36.4Mb
sub-directories of 1Mb or more:
libs 34.5Mb
Flavors: r-release-macos-arm64, r-release-macos-x86_64, r-oldrel-macos-arm64, r-oldrel-macos-x86_64, r-oldrel-windows-ix86+x86_64