CRAN Package Check Results for Package gistr

Last updated on 2023-03-28 04:52:58 CEST.

Flavor Version Tinstall Tcheck Ttotal Status Flags
r-devel-linux-x86_64-debian-clang 0.9.0 6.21 56.08 62.29 OK
r-devel-linux-x86_64-debian-gcc 0.9.0 4.85 42.19 47.04 OK
r-devel-linux-x86_64-fedora-clang 0.9.0 77.07 OK
r-devel-linux-x86_64-fedora-gcc 0.9.0 82.06 OK
r-patched-linux-x86_64 0.9.0 6.39 53.79 60.18 OK
r-release-linux-x86_64 0.9.0 5.74 53.86 59.60 OK
r-release-macos-arm64 0.9.0 31.00 OK
r-release-macos-x86_64 0.9.0 44.00 OK
r-release-windows-x86_64 0.9.0 23.00 90.00 113.00 OK
r-oldrel-macos-arm64 0.9.0 35.00 OK
r-oldrel-macos-x86_64 0.9.0 58.00 OK
r-oldrel-windows-ix86+x86_64 0.9.0 16.00 86.00 102.00 NOTE

Check Details

Version: 0.9.0
Check: R code for possible problems
Result: NOTE
    Initiating curl with CURL_SSL_BACKEND: openssl
Flavor: r-oldrel-windows-ix86+x86_64