Last updated on 2023-03-30 04:55:10 CEST.
Flavor | Version | Tinstall | Tcheck | Ttotal | Status | Flags |
---|---|---|---|---|---|---|
r-devel-linux-x86_64-debian-clang | 0.8.0 | 3.39 | 59.29 | 62.68 | NOTE | |
r-devel-linux-x86_64-debian-gcc | 0.8.0 | 2.11 | 46.87 | 48.98 | NOTE | |
r-devel-linux-x86_64-fedora-clang | 0.8.0 | 75.49 | NOTE | |||
r-devel-linux-x86_64-fedora-gcc | 0.8.0 | 84.03 | NOTE | |||
r-devel-windows-x86_64 | 0.8.0 | 28.00 | 0.00 | 28.00 | NOTE | |
r-patched-linux-x86_64 | 0.8.0 | 3.33 | 57.68 | 61.01 | NOTE | |
r-release-linux-x86_64 | 0.8.0 | 3.17 | 60.78 | 63.95 | NOTE | |
r-release-macos-arm64 | 0.8.0 | 39.00 | NOTE | |||
r-release-macos-x86_64 | 0.8.0 | 52.00 | NOTE | |||
r-release-windows-x86_64 | 0.8.0 | 27.00 | 477.00 | 504.00 | NOTE | |
r-oldrel-macos-arm64 | 0.8.0 | 45.00 | NOTE | |||
r-oldrel-macos-x86_64 | 0.8.0 | 71.00 | NOTE | |||
r-oldrel-windows-ix86+x86_64 | 0.8.0 | 8.00 | 170.00 | 178.00 | NOTE |
Version: 0.8.0
Check: LazyData
Result: NOTE
'LazyData' is specified without a 'data' directory
Flavors: r-devel-linux-x86_64-debian-clang, r-devel-linux-x86_64-debian-gcc, r-devel-linux-x86_64-fedora-clang, r-devel-linux-x86_64-fedora-gcc, r-devel-windows-x86_64, r-patched-linux-x86_64, r-release-linux-x86_64, r-release-macos-arm64, r-release-macos-x86_64, r-release-windows-x86_64, r-oldrel-macos-arm64, r-oldrel-macos-x86_64, r-oldrel-windows-ix86+x86_64