Last updated on 2023-03-25 04:54:40 CET.
Flavor | Version | Tinstall | Tcheck | Ttotal | Status | Flags |
---|---|---|---|---|---|---|
r-devel-linux-x86_64-debian-clang | 0.1.0 | 5.48 | 51.58 | 57.06 | NOTE | |
r-devel-linux-x86_64-debian-gcc | 0.1.0 | 4.53 | 39.77 | 44.30 | NOTE | |
r-devel-linux-x86_64-fedora-clang | 0.1.0 | 72.96 | NOTE | |||
r-devel-linux-x86_64-fedora-gcc | 0.1.0 | 69.31 | NOTE | |||
r-patched-linux-x86_64 | 0.1.0 | 9.22 | 51.21 | 60.43 | NOTE | |
r-release-linux-x86_64 | 0.1.0 | 4.28 | 51.62 | 55.90 | NOTE | |
r-release-macos-arm64 | 0.1.0 | 28.00 | NOTE | |||
r-release-macos-x86_64 | 0.1.0 | 42.00 | NOTE | |||
r-release-windows-x86_64 | 0.1.0 | 27.00 | 84.00 | 111.00 | NOTE | |
r-oldrel-macos-arm64 | 0.1.0 | 28.00 | NOTE | |||
r-oldrel-macos-x86_64 | 0.1.0 | 43.00 | NOTE | |||
r-oldrel-windows-ix86+x86_64 | 0.1.0 | 16.00 | 104.00 | 120.00 | NOTE |
Version: 0.1.0
Check: LazyData
Result: NOTE
'LazyData' is specified without a 'data' directory
Flavors: r-devel-linux-x86_64-debian-clang, r-devel-linux-x86_64-debian-gcc, r-devel-linux-x86_64-fedora-clang, r-devel-linux-x86_64-fedora-gcc, r-patched-linux-x86_64, r-release-linux-x86_64, r-release-macos-arm64, r-release-macos-x86_64, r-release-windows-x86_64, r-oldrel-macos-arm64, r-oldrel-macos-x86_64, r-oldrel-windows-ix86+x86_64