Last updated on 2023-03-22 04:52:46 CET.
Flavor | Version | Tinstall | Tcheck | Ttotal | Status | Flags |
---|---|---|---|---|---|---|
r-devel-linux-x86_64-debian-clang | 0.1.0 | 5.46 | 55.64 | 61.10 | NOTE | |
r-devel-linux-x86_64-debian-gcc | 0.1.0 | 4.21 | 42.96 | 47.17 | NOTE | |
r-devel-linux-x86_64-fedora-clang | 0.1.0 | 78.66 | NOTE | |||
r-devel-linux-x86_64-fedora-gcc | 0.1.0 | 86.26 | NOTE | |||
r-patched-linux-x86_64 | 0.1.0 | 5.23 | 56.26 | 61.49 | OK | |
r-release-linux-x86_64 | 0.1.0 | 4.26 | 56.02 | 60.28 | OK | |
r-release-macos-arm64 | 0.1.0 | 27.00 | OK | |||
r-release-macos-x86_64 | 0.1.0 | 41.00 | OK | |||
r-release-windows-x86_64 | 0.1.0 | 20.00 | 97.00 | 117.00 | OK | |
r-oldrel-macos-arm64 | 0.1.0 | 47.00 | OK | |||
r-oldrel-macos-x86_64 | 0.1.0 | 37.00 | OK | |||
r-oldrel-windows-ix86+x86_64 | 0.1.0 | 14.00 | 83.00 | 97.00 | OK |
Version: 0.1.0
Check: package subdirectories
Result: NOTE
Problems with news in ‘NEWS.md’:
Cannot extract version info from the following section titles:
History
Flavors: r-devel-linux-x86_64-debian-clang, r-devel-linux-x86_64-debian-gcc, r-devel-linux-x86_64-fedora-clang, r-devel-linux-x86_64-fedora-gcc