Last updated on 2023-04-01 04:56:18 CEST.
Flavor | Version | Tinstall | Tcheck | Ttotal | Status | Flags |
---|---|---|---|---|---|---|
r-devel-linux-x86_64-debian-clang | 0.5.12 | 5.57 | 80.47 | 86.04 | OK | |
r-devel-linux-x86_64-debian-gcc | 0.5.12 | 4.77 | 60.80 | 65.57 | OK | |
r-devel-linux-x86_64-fedora-clang | 0.5.12 | 103.93 | NOTE | |||
r-devel-linux-x86_64-fedora-gcc | 0.5.12 | 115.59 | NOTE | |||
r-devel-windows-x86_64 | 0.5.12 | 23.00 | 0.00 | 23.00 | OK | |
r-patched-linux-x86_64 | 0.5.12 | 10.82 | 76.02 | 86.84 | OK | |
r-release-linux-x86_64 | 0.5.12 | 6.31 | 76.44 | 82.75 | OK | |
r-release-macos-arm64 | 0.5.12 | 27.00 | OK | |||
r-release-macos-x86_64 | 0.5.12 | 51.00 | OK | |||
r-release-windows-x86_64 | 0.5.12 | 31.00 | 117.00 | 148.00 | OK | |
r-oldrel-macos-arm64 | 0.5.12 | 28.00 | OK | |||
r-oldrel-macos-x86_64 | 0.5.12 | 51.00 | OK | |||
r-oldrel-windows-ix86+x86_64 | 0.5.12 | 15.00 | 106.00 | 121.00 | OK |
Version: 0.5.12
Check: dependencies in R code
Result: NOTE
Namespaces in Imports field not imported from:
‘sna’ ‘utils’
All declared Imports should be used.
Flavors: r-devel-linux-x86_64-fedora-clang, r-devel-linux-x86_64-fedora-gcc