CRAN Package Check Results for Package ggmap

Last updated on 2022-11-27 04:51:20 CET.

Flavor Version Tinstall Tcheck Ttotal Status Flags
r-devel-linux-x86_64-debian-clang 3.0.1 14.15 100.72 114.87 OK
r-devel-linux-x86_64-debian-gcc 3.0.1 12.01 74.25 86.26 OK
r-devel-linux-x86_64-fedora-clang 3.0.1 153.07 OK
r-devel-linux-x86_64-fedora-gcc 3.0.1 143.00 OK
r-devel-windows-x86_64 3.0.1 29.00 134.00 163.00 OK
r-patched-linux-x86_64 3.0.1 17.69 95.60 113.29 OK
r-release-linux-x86_64 3.0.1 14.84 94.36 109.20 OK
r-release-macos-arm64 3.0.1 53.00 OK
r-release-macos-x86_64 3.0.1 58.00 OK
r-release-windows-x86_64 3.0.1 45.00 136.00 181.00 OK
r-oldrel-macos-arm64 3.0.1 57.00 NOTE
r-oldrel-macos-x86_64 3.0.1 60.00 OK
r-oldrel-windows-ix86+x86_64 3.0.1 29.00 119.00 148.00 OK

Check Details

Version: 3.0.1
Check: installed package size
Result: NOTE
     installed size is 5.2Mb
     sub-directories of 1Mb or more:
     data 4.8Mb
Flavor: r-oldrel-macos-arm64