Last updated on 2023-02-05 04:51:08 CET.
Flavor | Version | Tinstall | Tcheck | Ttotal | Status | Flags |
---|---|---|---|---|---|---|
r-devel-linux-x86_64-debian-clang | 0.10.2 | 23.97 | 327.70 | 351.67 | OK | |
r-devel-linux-x86_64-debian-gcc | 0.10.2 | 19.20 | 227.38 | 246.58 | OK | |
r-devel-linux-x86_64-fedora-clang | 0.10.2 | 406.75 | NOTE | |||
r-devel-linux-x86_64-fedora-gcc | 0.10.2 | 406.66 | OK | |||
r-devel-windows-x86_64 | 0.10.2 | 148.00 | 385.00 | 533.00 | OK | |
r-patched-linux-x86_64 | 0.10.2 | 31.43 | 290.05 | 321.48 | OK | |
r-release-linux-x86_64 | 0.10.2 | 21.71 | 292.75 | 314.46 | OK | |
r-release-macos-arm64 | 0.10.2 | 81.00 | OK | |||
r-release-macos-x86_64 | 0.10.2 | 131.00 | OK | |||
r-release-windows-x86_64 | 0.10.2 | 239.00 | 371.00 | 610.00 | OK | |
r-oldrel-macos-arm64 | 0.10.2 | 85.00 | OK | |||
r-oldrel-macos-x86_64 | 0.10.2 | 129.00 | OK | |||
r-oldrel-windows-ix86+x86_64 | 0.10.2 | 42.00 | 337.00 | 379.00 | OK |
Version: 0.10.2
Check: Rd cross-references
Result: NOTE
Undeclared packages ‘interp’, ‘quantreg’ in Rd xrefs
Flavor: r-devel-linux-x86_64-fedora-clang