Last updated on 2023-02-03 04:50:29 CET.
Flavor | Version | Tinstall | Tcheck | Ttotal | Status | Flags |
---|---|---|---|---|---|---|
r-devel-linux-x86_64-debian-clang | 0.2.2 | 3.86 | 136.46 | 140.32 | NOTE | |
r-devel-linux-x86_64-debian-gcc | 0.2.2 | 2.78 | 105.89 | 108.67 | NOTE | |
r-devel-linux-x86_64-fedora-clang | 0.2.2 | 182.62 | NOTE | |||
r-devel-linux-x86_64-fedora-gcc | 0.2.2 | 192.02 | NOTE | |||
r-devel-windows-x86_64 | 0.2.2 | 34.00 | 190.00 | 224.00 | NOTE | |
r-patched-linux-x86_64 | 0.2.2 | 2.85 | 130.92 | 133.77 | NOTE | |
r-release-linux-x86_64 | 0.2.2 | 4.47 | 131.68 | 136.15 | NOTE | |
r-release-macos-arm64 | 0.2.2 | 63.00 | NOTE | |||
r-release-macos-x86_64 | 0.2.2 | 132.00 | NOTE | |||
r-release-windows-x86_64 | 0.2.2 | 21.00 | 200.00 | 221.00 | NOTE | |
r-oldrel-macos-arm64 | 0.2.2 | 55.00 | NOTE | |||
r-oldrel-macos-x86_64 | 0.2.2 | 90.00 | NOTE | |||
r-oldrel-windows-ix86+x86_64 | 0.2.2 | 12.00 | 184.00 | 196.00 | NOTE |
Version: 0.2.2
Check: LazyData
Result: NOTE
'LazyData' is specified without a 'data' directory
Flavors: r-devel-linux-x86_64-debian-clang, r-devel-linux-x86_64-debian-gcc, r-devel-linux-x86_64-fedora-clang, r-devel-linux-x86_64-fedora-gcc, r-devel-windows-x86_64, r-patched-linux-x86_64, r-release-linux-x86_64, r-release-macos-arm64, r-release-macos-x86_64, r-release-windows-x86_64, r-oldrel-macos-arm64, r-oldrel-macos-x86_64, r-oldrel-windows-ix86+x86_64
Version: 0.2.2
Check: package dependencies
Result: NOTE
Imports includes 22 non-default packages.
Importing from so many packages makes the package vulnerable to any of
them becoming unavailable. Move as many as possible to Suggests and
use conditionally.
Flavor: r-devel-linux-x86_64-fedora-clang